Last updated on 2024-05-04 09:49:45 CEST.
Flavor | Version | Tinstall | Tcheck | Ttotal | Status | Flags |
---|---|---|---|---|---|---|
r-devel-linux-x86_64-debian-clang | 0.1.0 | 10.23 | 75.14 | 85.37 | NOTE | |
r-devel-linux-x86_64-debian-gcc | 0.1.0 | 7.49 | 56.12 | 63.61 | NOTE | |
r-devel-linux-x86_64-fedora-clang | 0.1.0 | 108.54 | NOTE | |||
r-devel-linux-x86_64-fedora-gcc | 0.1.0 | 110.74 | NOTE | |||
r-devel-windows-x86_64 | 0.1.0 | 10.00 | 71.00 | 81.00 | NOTE | |
r-patched-linux-x86_64 | 0.1.0 | 5.51 | 71.08 | 76.59 | NOTE | |
r-release-linux-x86_64 | 0.1.0 | 6.16 | 69.39 | 75.55 | NOTE | |
r-release-macos-arm64 | 0.1.0 | 38.00 | NOTE | |||
r-release-windows-x86_64 | 0.1.0 | 9.00 | 70.00 | 79.00 | NOTE | |
r-oldrel-macos-arm64 | 0.1.0 | 38.00 | NOTE | |||
r-oldrel-macos-x86_64 | 0.1.0 | 65.00 | NOTE | |||
r-oldrel-windows-x86_64 | 0.1.0 | 11.00 | 78.00 | 89.00 | NOTE |
Version: 0.1.0
Check: LazyData
Result: NOTE
'LazyData' is specified without a 'data' directory
Flavors: r-devel-linux-x86_64-debian-clang, r-devel-linux-x86_64-debian-gcc, r-devel-linux-x86_64-fedora-clang, r-devel-linux-x86_64-fedora-gcc, r-devel-windows-x86_64, r-patched-linux-x86_64, r-release-linux-x86_64, r-release-macos-arm64, r-release-windows-x86_64, r-oldrel-macos-arm64, r-oldrel-macos-x86_64, r-oldrel-windows-x86_64