Last updated on 2024-05-04 13:49:15 CEST.
Flavor | Version | Tinstall | Tcheck | Ttotal | Status | Flags |
---|---|---|---|---|---|---|
r-devel-linux-x86_64-debian-clang | 0.2.1 | 24.91 | 271.10 | 296.01 | NOTE | |
r-devel-linux-x86_64-debian-gcc | 0.2.1 | 19.69 | 195.01 | 214.70 | NOTE | |
r-devel-linux-x86_64-fedora-clang | 0.2.1 | 382.56 | NOTE | |||
r-devel-linux-x86_64-fedora-gcc | 0.2.1 | 388.93 | NOTE | |||
r-devel-windows-x86_64 | 0.2.1 | 23.00 | 199.00 | 222.00 | NOTE | |
r-patched-linux-x86_64 | 0.2.1 | 23.51 | 253.48 | 276.99 | NOTE | |
r-release-linux-x86_64 | 0.2.1 | 23.31 | 258.13 | 281.44 | NOTE | |
r-release-macos-arm64 | 0.2.1 | 112.00 | NOTE | |||
r-release-macos-x86_64 | 0.2.1 | 191.00 | OK | |||
r-release-windows-x86_64 | 0.2.1 | 24.00 | 202.00 | 226.00 | NOTE | |
r-oldrel-macos-arm64 | 0.2.1 | 99.00 | OK | |||
r-oldrel-macos-x86_64 | 0.2.1 | 168.00 | OK | |||
r-oldrel-windows-x86_64 | 0.2.1 | 30.00 | 252.00 | 282.00 | OK |
Version: 0.2.1
Check: Rd files
Result: NOTE
checkRd: (-1) impute_plot.Rd:32: Lost braces; missing escapes or markup?
32 | \item{global}{Logical. If \code{TRUE} ({default}), a global density plot is
| ^
Flavors: r-devel-linux-x86_64-debian-clang, r-devel-linux-x86_64-debian-gcc, r-devel-linux-x86_64-fedora-clang, r-devel-linux-x86_64-fedora-gcc, r-devel-windows-x86_64, r-patched-linux-x86_64, r-release-linux-x86_64, r-release-macos-arm64, r-release-windows-x86_64