Last updated on 2024-05-04 13:49:15 CEST.
Flavor | Version | Tinstall | Tcheck | Ttotal | Status | Flags |
---|---|---|---|---|---|---|
r-devel-linux-x86_64-debian-clang | 0.1.5 | 9.63 | 78.67 | 88.30 | OK | |
r-devel-linux-x86_64-debian-gcc | 0.1.5 | 7.74 | 59.28 | 67.02 | OK | |
r-devel-linux-x86_64-fedora-clang | 0.1.5 | 111.18 | OK | |||
r-devel-linux-x86_64-fedora-gcc | 0.1.5 | 105.73 | OK | |||
r-devel-windows-x86_64 | 0.1.5 | 11.00 | 81.00 | 92.00 | OK | |
r-patched-linux-x86_64 | 0.1.5 | 0.42 | 2.04 | 2.46 | ERROR | |
r-release-linux-x86_64 | 0.1.5 | 0.27 | 2.17 | 2.44 | ERROR | |
r-release-macos-arm64 | 0.1.5 | 37.00 | OK | |||
r-release-windows-x86_64 | 0.1.5 | 11.00 | 80.00 | 91.00 | OK | |
r-oldrel-macos-arm64 | 0.1.5 | 38.00 | OK | |||
r-oldrel-macos-x86_64 | 0.1.5 | 54.00 | OK | |||
r-oldrel-windows-x86_64 | 0.1.5 | 13.00 | 91.00 | 104.00 | OK |
Version: 0.1.5
Check: package dependencies
Result: ERROR
Package required but not available: ‘prophet’
See section ‘The DESCRIPTION file’ in the ‘Writing R Extensions’
manual.
Flavors: r-patched-linux-x86_64, r-release-linux-x86_64