Last updated on 2024-05-04 13:49:15 CEST.
Flavor | Version | Tinstall | Tcheck | Ttotal | Status | Flags |
---|---|---|---|---|---|---|
r-devel-linux-x86_64-debian-clang | 1.7-1 | 22.84 | 91.92 | 114.76 | NOTE | |
r-devel-linux-x86_64-debian-gcc | 1.7-1 | 17.10 | 69.54 | 86.64 | OK | |
r-devel-linux-x86_64-fedora-clang | 1.7-1 | 156.55 | OK | |||
r-devel-linux-x86_64-fedora-gcc | 1.7-1 | 154.33 | OK | |||
r-devel-windows-x86_64 | 1.7-1 | 22.00 | 100.00 | 122.00 | OK | |
r-patched-linux-x86_64 | 1.7-1 | 21.05 | 90.79 | 111.84 | OK | |
r-release-linux-x86_64 | 1.7-1 | 20.72 | 91.84 | 112.56 | OK | |
r-release-macos-arm64 | 1.7-1 | 66.00 | OK | |||
r-release-macos-x86_64 | 1.7-1 | 178.00 | OK | |||
r-release-windows-x86_64 | 1.7-1 | 26.00 | 100.00 | 126.00 | OK | |
r-oldrel-macos-arm64 | 1.7-1 | 59.00 | OK | |||
r-oldrel-macos-x86_64 | 1.7-1 | 181.00 | OK | |||
r-oldrel-windows-x86_64 | 1.7-1 | 21.00 | 116.00 | 137.00 | OK |
Version: 1.7-1
Check: package dependencies
Result: NOTE
Packages suggested but not available for checking:
'GOSemSim', 'org.Hs.eg.db'
Flavor: r-devel-linux-x86_64-debian-clang