Last updated on 2024-05-04 09:49:45 CEST.
Flavor | Version | Tinstall | Tcheck | Ttotal | Status | Flags |
---|---|---|---|---|---|---|
r-devel-linux-x86_64-debian-clang | 2.0.6 | 119.45 | 136.50 | 255.95 | OK | |
r-devel-linux-x86_64-debian-gcc | 2.0.6 | 93.35 | 102.09 | 195.44 | OK | |
r-devel-linux-x86_64-fedora-clang | 2.0.6 | 346.53 | OK | |||
r-devel-linux-x86_64-fedora-gcc | 2.0.6 | 357.89 | OK | |||
r-devel-windows-x86_64 | 2.0.6 | 91.00 | 134.00 | 225.00 | OK | |
r-patched-linux-x86_64 | 2.0.6 | 110.28 | 130.82 | 241.10 | OK | |
r-release-linux-x86_64 | 2.0.6 | 108.16 | 133.83 | 241.99 | OK | |
r-release-macos-arm64 | 2.0.6 | 88.00 | NOTE | |||
r-release-macos-x86_64 | 2.0.6 | 157.00 | NOTE | |||
r-release-windows-x86_64 | 2.0.6 | 91.00 | 132.00 | 223.00 | OK | |
r-oldrel-macos-arm64 | 2.0.6 | 92.00 | NOTE | |||
r-oldrel-macos-x86_64 | 2.0.6 | 154.00 | NOTE | |||
r-oldrel-windows-x86_64 | 2.0.6 | 115.00 | 163.00 | 278.00 | OK |
Version: 2.0.6
Check: installed package size
Result: NOTE
installed size is 6.1Mb
sub-directories of 1Mb or more:
libs 5.5Mb
Flavors: r-release-macos-arm64, r-release-macos-x86_64, r-oldrel-macos-arm64, r-oldrel-macos-x86_64