Last updated on 2024-05-05 21:49:32 CEST.
Flavor | Version | Tinstall | Tcheck | Ttotal | Status | Flags |
---|---|---|---|---|---|---|
r-devel-linux-x86_64-debian-clang | 2.1.1 | 48.98 | 111.08 | 160.06 | NOTE | |
r-devel-linux-x86_64-debian-gcc | 2.1.1 | 39.77 | 85.20 | 124.97 | NOTE | |
r-devel-linux-x86_64-fedora-clang | 2.1.1 | 217.90 | NOTE | |||
r-devel-linux-x86_64-fedora-gcc | 2.1.1 | 228.89 | NOTE | |||
r-devel-windows-x86_64 | 2.1.1 | 41.00 | 188.00 | 229.00 | NOTE | |
r-patched-linux-x86_64 | 2.1.1 | 50.37 | 106.69 | 157.06 | NOTE | |
r-release-linux-x86_64 | 2.1.1 | 48.10 | 108.77 | 156.87 | NOTE | |
r-release-macos-arm64 | 2.1.1 | 68.00 | NOTE | |||
r-release-windows-x86_64 | 2.1.1 | 39.00 | 187.00 | 226.00 | NOTE | |
r-oldrel-macos-arm64 | 2.1.1 | 73.00 | NOTE | |||
r-oldrel-macos-x86_64 | 2.1.1 | 126.00 | NOTE | |||
r-oldrel-windows-x86_64 | 2.1.1 | 48.00 | 195.00 | 243.00 | OK |
Version: 2.1.1
Check: Rd files
Result: NOTE
checkRd: (-1) riedsid.Rd:92-93: Lost braces in \itemize; meant \describe ?
checkRd: (-1) riedsid.Rd:94-96: Lost braces in \itemize; meant \describe ?
Flavors: r-devel-linux-x86_64-debian-clang, r-devel-linux-x86_64-debian-gcc, r-devel-linux-x86_64-fedora-clang, r-devel-linux-x86_64-fedora-gcc, r-devel-windows-x86_64, r-patched-linux-x86_64, r-release-linux-x86_64, r-release-macos-arm64, r-release-windows-x86_64
Version: 2.1.1
Check: installed package size
Result: NOTE
installed size is 5.1Mb
sub-directories of 1Mb or more:
doc 1.5Mb
libs 2.9Mb
Flavors: r-release-macos-arm64, r-oldrel-macos-arm64, r-oldrel-macos-x86_64