Last updated on 2024-05-04 09:49:45 CEST.
Flavor | Version | Tinstall | Tcheck | Ttotal | Status | Flags |
---|---|---|---|---|---|---|
r-devel-linux-x86_64-debian-clang | 0.5.0 | 8.91 | 213.79 | 222.70 | OK | |
r-devel-linux-x86_64-debian-gcc | 0.5.0 | 7.04 | 151.22 | 158.26 | OK | |
r-devel-linux-x86_64-fedora-clang | 0.5.0 | 267.80 | NOTE | |||
r-devel-linux-x86_64-fedora-gcc | 0.5.0 | 275.45 | NOTE | |||
r-devel-windows-x86_64 | 0.5.0 | 9.00 | 178.00 | 187.00 | OK | |
r-patched-linux-x86_64 | 0.5.0 | 9.64 | 199.51 | 209.15 | OK | |
r-release-linux-x86_64 | 0.5.0 | 8.42 | 201.49 | 209.91 | OK | |
r-release-macos-arm64 | 0.5.0 | 78.00 | OK | |||
r-release-windows-x86_64 | 0.5.0 | 9.00 | 167.00 | 176.00 | OK | |
r-oldrel-macos-arm64 | 0.5.0 | 105.00 | OK | |||
r-oldrel-macos-x86_64 | 0.5.0 | 198.00 | OK | |||
r-oldrel-windows-x86_64 | 0.5.0 | 12.00 | 212.00 | 224.00 | OK |
Version: 0.5.0
Check: dependencies in R code
Result: NOTE
Namespaces in Imports field not imported from:
‘lifecycle’ ‘patchwork’
All declared Imports should be used.
Flavors: r-devel-linux-x86_64-fedora-clang, r-devel-linux-x86_64-fedora-gcc