Last updated on 2024-05-04 13:49:16 CEST.
Flavor | Version | Tinstall | Tcheck | Ttotal | Status | Flags |
---|---|---|---|---|---|---|
r-devel-linux-x86_64-debian-clang | 2.2.7 | 23.78 | 42.27 | 66.05 | NOTE | |
r-devel-linux-x86_64-debian-gcc | 2.2.7 | 19.48 | 32.17 | 51.65 | NOTE | |
r-devel-linux-x86_64-fedora-clang | 2.2.7 | 88.46 | NOTE | |||
r-devel-linux-x86_64-fedora-gcc | 2.2.7 | 100.30 | NOTE | |||
r-devel-windows-x86_64 | 2.2.7 | 19.00 | 82.00 | 101.00 | NOTE | |
r-patched-linux-x86_64 | 2.2.7 | 24.45 | 40.86 | 65.31 | NOTE | |
r-release-linux-x86_64 | 2.2.7 | 21.42 | 39.28 | 60.70 | NOTE | |
r-release-macos-arm64 | 2.2.7 | 34.00 | NOTE | |||
r-release-windows-x86_64 | 2.2.7 | 20.00 | 81.00 | 101.00 | NOTE | |
r-oldrel-macos-arm64 | 2.2.7 | 33.00 | OK | |||
r-oldrel-macos-x86_64 | 2.2.7 | 59.00 | OK | |||
r-oldrel-windows-x86_64 | 2.2.7 | 18.00 | 83.00 | 101.00 | OK |
Version: 2.2.7
Check: Rd files
Result: NOTE
checkRd: (-1) DataSets.Rd:10: Lost braces; missing escapes or markup?
10 | \format{the \code{PvarQuantileDF} is a \code{data.frame} with fields \code{prob} an {Qaunt}.
| ^
Flavors: r-devel-linux-x86_64-debian-clang, r-devel-linux-x86_64-debian-gcc, r-devel-linux-x86_64-fedora-clang, r-devel-linux-x86_64-fedora-gcc, r-devel-windows-x86_64, r-patched-linux-x86_64, r-release-linux-x86_64, r-release-macos-arm64, r-release-windows-x86_64