Last updated on 2024-05-04 13:49:16 CEST.
Flavor | Version | Tinstall | Tcheck | Ttotal | Status | Flags |
---|---|---|---|---|---|---|
r-devel-linux-x86_64-debian-clang | 1.3.4 | 15.04 | 423.52 | 438.56 | OK | |
r-devel-linux-x86_64-debian-gcc | 1.3.4 | 12.49 | 347.00 | 359.49 | OK | |
r-devel-linux-x86_64-fedora-clang | 1.3.4 | 555.44 | NOTE | |||
r-devel-linux-x86_64-fedora-gcc | 1.3.4 | 585.63 | OK | |||
r-devel-windows-x86_64 | 1.3.4 | 18.00 | 330.00 | 348.00 | NOTE | |
r-patched-linux-x86_64 | 1.3.4 | 15.23 | 446.42 | 461.65 | OK | |
r-release-linux-x86_64 | 1.3.4 | 13.51 | 446.33 | 459.84 | OK | |
r-release-macos-arm64 | 1.3.4 | 215.00 | NOTE | |||
r-release-windows-x86_64 | 1.3.4 | 18.00 | 329.00 | 347.00 | NOTE | |
r-oldrel-macos-arm64 | 1.3.4 | 235.00 | NOTE | |||
r-oldrel-macos-x86_64 | 1.3.4 | 375.00 | NOTE | |||
r-oldrel-windows-x86_64 | 1.3.4 | 20.00 | 402.00 | 422.00 | NOTE |
Version: 1.3.4
Check: installed package size
Result: NOTE
installed size is 5.9Mb
sub-directories of 1Mb or more:
doc 5.2Mb
Flavors: r-devel-linux-x86_64-fedora-clang, r-devel-windows-x86_64, r-release-macos-arm64, r-release-windows-x86_64, r-oldrel-macos-arm64, r-oldrel-macos-x86_64, r-oldrel-windows-x86_64