Last updated on 2024-05-04 09:49:45 CEST.
Flavor | Version | Tinstall | Tcheck | Ttotal | Status | Flags |
---|---|---|---|---|---|---|
r-devel-linux-x86_64-debian-clang | 0.0.11 | 197.65 | 29.62 | 227.27 | OK | |
r-devel-linux-x86_64-debian-gcc | 0.0.11 | 150.19 | 23.18 | 173.37 | OK | |
r-devel-linux-x86_64-fedora-clang | 0.0.11 | 375.69 | OK | |||
r-devel-linux-x86_64-fedora-gcc | 0.0.11 | 335.12 | OK | |||
r-devel-windows-x86_64 | 0.0.11 | 173.00 | 73.00 | 246.00 | OK | |
r-patched-linux-x86_64 | 0.0.11 | 193.01 | 28.36 | 221.37 | OK | |
r-release-linux-x86_64 | 0.0.11 | 186.78 | 29.54 | 216.32 | OK | |
r-release-macos-arm64 | 0.0.11 | 63.00 | NOTE | |||
r-release-macos-x86_64 | 0.0.11 | 74.00 | NOTE | |||
r-release-windows-x86_64 | 0.0.11 | 148.00 | 70.00 | 218.00 | OK | |
r-oldrel-macos-arm64 | 0.0.11 | 65.00 | NOTE | |||
r-oldrel-macos-x86_64 | 0.0.11 | 67.00 | NOTE | |||
r-oldrel-windows-x86_64 | 0.0.11 | 182.00 | 80.00 | 262.00 | OK |
Version: 0.0.11
Check: installed package size
Result: NOTE
installed size is 7.6Mb
sub-directories of 1Mb or more:
libs 7.4Mb
Flavors: r-release-macos-arm64, r-release-macos-x86_64, r-oldrel-macos-arm64, r-oldrel-macos-x86_64