Last updated on 2024-05-04 09:49:45 CEST.
Flavor | Version | Tinstall | Tcheck | Ttotal | Status | Flags |
---|---|---|---|---|---|---|
r-devel-linux-x86_64-debian-clang | 2.2 | 15.06 | 119.17 | 134.23 | OK | |
r-devel-linux-x86_64-debian-gcc | 2.2 | 11.96 | 85.55 | 97.51 | OK | |
r-devel-linux-x86_64-fedora-clang | 2.2 | 166.76 | NOTE | |||
r-devel-linux-x86_64-fedora-gcc | 2.2 | 159.85 | OK | |||
r-devel-windows-x86_64 | 2.2 | 12.00 | 90.00 | 102.00 | OK | |
r-patched-linux-x86_64 | 2.2 | 15.77 | 113.77 | 129.54 | OK | |
r-release-linux-x86_64 | 2.2 | 15.05 | 110.88 | 125.93 | OK | |
r-release-macos-arm64 | 2.2 | 75.00 | OK | |||
r-release-windows-x86_64 | 2.2 | 10.00 | 98.00 | 108.00 | OK | |
r-oldrel-macos-arm64 | 2.2 | 48.00 | OK | |||
r-oldrel-macos-x86_64 | 2.2 | 86.00 | OK | |||
r-oldrel-windows-x86_64 | 2.2 | 13.00 | 102.00 | 115.00 | OK |
Version: 2.2
Check: Rd cross-references
Result: NOTE
Undeclared package ‘qrNLMM’ in Rd xrefs
Flavor: r-devel-linux-x86_64-fedora-clang