Last updated on 2024-05-05 21:49:33 CEST.
Flavor | Version | Tinstall | Tcheck | Ttotal | Status | Flags |
---|---|---|---|---|---|---|
r-devel-linux-x86_64-debian-clang | 0.2.3 | 5.48 | 54.32 | 59.80 | OK | |
r-devel-linux-x86_64-debian-gcc | 0.2.3 | 4.02 | 41.24 | 45.26 | OK | |
r-devel-linux-x86_64-fedora-clang | 0.2.3 | 75.14 | NOTE | |||
r-devel-linux-x86_64-fedora-gcc | 0.2.3 | 84.64 | NOTE | |||
r-devel-windows-x86_64 | 0.2.3 | 6.00 | 60.00 | 66.00 | OK | |
r-patched-linux-x86_64 | 0.2.3 | 5.93 | 52.01 | 57.94 | OK | |
r-release-linux-x86_64 | 0.2.3 | 3.55 | 51.84 | 55.39 | OK | |
r-release-macos-arm64 | 0.2.3 | 33.00 | OK | |||
r-release-windows-x86_64 | 0.2.3 | 7.00 | 61.00 | 68.00 | OK | |
r-oldrel-macos-arm64 | 0.2.3 | 33.00 | OK | |||
r-oldrel-macos-x86_64 | 0.2.3 | 47.00 | OK | |||
r-oldrel-windows-x86_64 | 0.2.3 | 7.00 | 66.00 | 73.00 | OK |
Version: 0.2.3
Check: data for non-ASCII characters
Result: NOTE
Note: found 6 marked UTF-8 strings
Flavors: r-devel-linux-x86_64-fedora-clang, r-devel-linux-x86_64-fedora-gcc