Last updated on 2024-05-04 13:49:16 CEST.
Flavor | Version | Tinstall | Tcheck | Ttotal | Status | Flags |
---|---|---|---|---|---|---|
r-devel-linux-x86_64-debian-clang | 1.4.3 | 120.70 | 123.52 | 244.22 | NOTE | |
r-devel-linux-x86_64-debian-gcc | 1.4.3 | 102.40 | 93.40 | 195.80 | NOTE | |
r-devel-linux-x86_64-fedora-clang | 1.4.3 | 306.70 | NOTE | |||
r-devel-linux-x86_64-fedora-gcc | 1.4.3 | 347.50 | NOTE | |||
r-devel-windows-x86_64 | 1.4.3 | 89.00 | 129.00 | 218.00 | NOTE | |
r-patched-linux-x86_64 | 1.4.3 | 99.72 | 124.19 | 223.91 | NOTE | |
r-release-linux-x86_64 | 1.4.3 | 124.81 | 128.13 | 252.94 | NOTE | |
r-release-macos-arm64 | 1.4.3 | 75.00 | NOTE | |||
r-release-windows-x86_64 | 1.4.3 | 88.00 | 124.00 | 212.00 | ERROR | |
r-oldrel-macos-arm64 | 1.4.3 | 83.00 | NOTE | |||
r-oldrel-macos-x86_64 | 1.4.3 | 140.00 | NOTE | |||
r-oldrel-windows-x86_64 | 1.4.3 | 107.00 | 160.00 | 267.00 | NOTE |
Version: 1.4.3
Check: LazyData
Result: NOTE
'LazyData' is specified without a 'data' directory
Flavors: r-devel-linux-x86_64-debian-clang, r-devel-linux-x86_64-debian-gcc, r-devel-linux-x86_64-fedora-clang, r-devel-linux-x86_64-fedora-gcc, r-devel-windows-x86_64, r-patched-linux-x86_64, r-release-linux-x86_64, r-release-macos-arm64, r-release-windows-x86_64, r-oldrel-macos-arm64, r-oldrel-macos-x86_64, r-oldrel-windows-x86_64
Version: 1.4.3
Check: installed package size
Result: NOTE
installed size is 27.2Mb
sub-directories of 1Mb or more:
libs 26.9Mb
Flavors: r-release-macos-arm64, r-oldrel-macos-arm64, r-oldrel-macos-x86_64
Version: 1.4.3
Check: re-building of vignette outputs
Result: ERROR
Error(s) in re-building vignettes:
--- re-building 'bootstrap-cluster.Rmd' using rmarkdown
Quitting from lines at lines 42-47 [unnamed-chunk-1] (bootstrap-cluster.Rmd)
Error: processing vignette 'bootstrap-cluster.Rmd' failed with diagnostics:
cannot open the connection to 'https://raw.githubusercontent.com/fboehm/qtl2pleio-manuscript/master/chtc/Recla-bootstrap/Rscript/boot-Recla-10-22.R'
--- failed re-building 'bootstrap-cluster.Rmd'
SUMMARY: processing the following file failed:
'bootstrap-cluster.Rmd'
Error: Vignette re-building failed.
Execution halted
Flavor: r-release-windows-x86_64