Last updated on 2024-05-04 13:49:16 CEST.
Flavor | Version | Tinstall | Tcheck | Ttotal | Status | Flags |
---|---|---|---|---|---|---|
r-devel-linux-x86_64-debian-clang | 0.2.4 | 69.19 | 267.02 | 336.21 | OK | |
r-devel-linux-x86_64-debian-gcc | 0.2.4 | 56.97 | 192.08 | 249.05 | OK | |
r-devel-linux-x86_64-fedora-clang | 0.2.4 | 496.29 | OK | |||
r-devel-linux-x86_64-fedora-gcc | 0.2.4 | 483.26 | OK | |||
r-devel-windows-x86_64 | 0.2.4 | 64.00 | 196.00 | 260.00 | OK | |
r-patched-linux-x86_64 | 0.2.4 | 68.95 | 255.51 | 324.46 | OK | |
r-release-linux-x86_64 | 0.2.4 | 68.46 | 249.35 | 317.81 | OK | |
r-release-macos-arm64 | 0.2.4 | 124.00 | NOTE | |||
r-release-macos-x86_64 | 0.2.4 | 133.00 | NOTE | |||
r-release-windows-x86_64 | 0.2.4 | 65.00 | 187.00 | 252.00 | OK | |
r-oldrel-macos-arm64 | 0.2.4 | 78.00 | NOTE | |||
r-oldrel-macos-x86_64 | 0.2.4 | 130.00 | NOTE | |||
r-oldrel-windows-x86_64 | 0.2.4 | 65.00 | 242.00 | 307.00 | OK |
Version: 0.2.4
Check: installed package size
Result: NOTE
installed size is 6.4Mb
sub-directories of 1Mb or more:
libs 5.4Mb
Flavors: r-release-macos-arm64, r-release-macos-x86_64, r-oldrel-macos-arm64, r-oldrel-macos-x86_64