Last updated on 2024-05-04 13:49:16 CEST.
Flavor | Version | Tinstall | Tcheck | Ttotal | Status | Flags |
---|---|---|---|---|---|---|
r-devel-linux-x86_64-debian-clang | 1.7-0 | 15.83 | 118.43 | 134.26 | NOTE | |
r-devel-linux-x86_64-debian-gcc | 1.7-0 | 12.29 | 85.80 | 98.09 | NOTE | |
r-devel-linux-x86_64-fedora-clang | 1.7-0 | 161.50 | NOTE | |||
r-devel-linux-x86_64-fedora-gcc | 1.7-0 | 169.03 | NOTE | |||
r-devel-windows-x86_64 | 1.7-0 | 12.00 | 100.00 | 112.00 | NOTE | |
r-patched-linux-x86_64 | 1.7-0 | 20.64 | 111.86 | 132.50 | NOTE | |
r-release-linux-x86_64 | 1.7-0 | 12.77 | 111.54 | 124.31 | NOTE | |
r-release-macos-arm64 | 1.7-0 | 46.00 | NOTE | |||
r-release-windows-x86_64 | 1.7-0 | 13.00 | 102.00 | 115.00 | NOTE | |
r-oldrel-macos-arm64 | 1.7-0 | 47.00 | OK | |||
r-oldrel-macos-x86_64 | 1.7-0 | 147.00 | OK | |||
r-oldrel-windows-x86_64 | 1.7-0 | 17.00 | 121.00 | 138.00 | OK |
Version: 1.7-0
Check: Rd files
Result: NOTE
checkRd: (-1) ps.Rd:77: Lost braces; missing escapes or markup?
77 | such as [x, ..., x^{d-1}, Z], where \eqn{Z= B D'(DD')^{-1}}{Z= B D'(DD')^{-1}}, \eqn{d}{d} is the difference order and \eqn{B}{B} is the B-spline basis. Only the coefficients of Z are penalized via an identity matrix. Currently \code{decom=TRUE} does not work with shape (monotonicity and concavity) restrictions and noncrossing constraints.
| ^
Flavors: r-devel-linux-x86_64-debian-clang, r-devel-linux-x86_64-debian-gcc, r-devel-linux-x86_64-fedora-clang, r-devel-linux-x86_64-fedora-gcc, r-devel-windows-x86_64, r-patched-linux-x86_64, r-release-linux-x86_64, r-release-macos-arm64, r-release-windows-x86_64