Last updated on 2024-05-03 01:51:29 CEST.
Flavor | Version | Tinstall | Tcheck | Ttotal | Status | Flags |
---|---|---|---|---|---|---|
r-devel-linux-x86_64-debian-clang | 0.2.2 | 4.49 | 38.40 | 42.89 | NOTE | |
r-devel-linux-x86_64-debian-gcc | 0.2.2 | 3.25 | 28.12 | 31.37 | NOTE | |
r-devel-linux-x86_64-fedora-clang | 0.2.2 | 52.06 | NOTE | |||
r-devel-linux-x86_64-fedora-gcc | 0.2.2 | 50.47 | NOTE | |||
r-devel-windows-x86_64 | 0.2.2 | 7.00 | 59.00 | 66.00 | NOTE | |
r-patched-linux-x86_64 | 0.2.2 | 4.28 | 36.15 | 40.43 | OK | |
r-release-linux-x86_64 | 0.2.2 | 3.80 | 36.58 | 40.38 | OK | |
r-release-macos-arm64 | 0.2.2 | 23.00 | OK | |||
r-release-windows-x86_64 | 0.2.2 | 7.00 | 59.00 | 66.00 | OK | |
r-oldrel-macos-arm64 | 0.2.2 | 25.00 | OK | |||
r-oldrel-macos-x86_64 | 0.2.2 | 50.00 | OK | |||
r-oldrel-windows-x86_64 | 0.2.2 | 8.00 | 60.00 | 68.00 | OK |
Version: 0.2.2
Check: compiled code
Result: NOTE
File ‘quickmatch/libs/quickmatch.so’:
Found non-API call to R: ‘SETLENGTH’
Compiled code should not call non-API entry points in R.
See ‘Writing portable packages’ in the ‘Writing R Extensions’ manual.
Flavors: r-devel-linux-x86_64-debian-clang, r-devel-linux-x86_64-debian-gcc, r-devel-linux-x86_64-fedora-clang, r-devel-linux-x86_64-fedora-gcc
Version: 0.2.2
Check: compiled code
Result: NOTE
File 'quickmatch/libs/x64/quickmatch.dll':
Found non-API call to R: 'SETLENGTH'
Compiled code should not call non-API entry points in R.
See 'Writing portable packages' in the 'Writing R Extensions' manual.
Flavor: r-devel-windows-x86_64