Last updated on 2024-05-04 09:49:45 CEST.
Flavor | Version | Tinstall | Tcheck | Ttotal | Status | Flags |
---|---|---|---|---|---|---|
r-devel-linux-x86_64-debian-clang | 0.0.2 | 6.92 | 177.87 | 184.79 | OK | |
r-devel-linux-x86_64-debian-gcc | 0.0.2 | 5.31 | 127.95 | 133.26 | OK | |
r-devel-linux-x86_64-fedora-clang | 0.0.2 | 218.42 | NOTE | |||
r-devel-linux-x86_64-fedora-gcc | 0.0.2 | 219.56 | OK | |||
r-devel-windows-x86_64 | 0.0.2 | 7.00 | 137.00 | 144.00 | NOTE | |
r-patched-linux-x86_64 | 0.0.2 | 7.49 | 168.92 | 176.41 | OK | |
r-release-linux-x86_64 | 0.0.2 | 5.62 | 169.57 | 175.19 | OK | |
r-release-macos-arm64 | 0.0.2 | 67.00 | NOTE | |||
r-release-windows-x86_64 | 0.0.2 | 6.00 | 140.00 | 146.00 | NOTE | |
r-oldrel-macos-arm64 | 0.0.2 | 72.00 | NOTE | |||
r-oldrel-macos-x86_64 | 0.0.2 | 115.00 | NOTE | |||
r-oldrel-windows-x86_64 | 0.0.2 | 8.00 | 175.00 | 183.00 | NOTE |
Version: 0.0.2
Check: installed package size
Result: NOTE
installed size is 7.4Mb
sub-directories of 1Mb or more:
doc 5.3Mb
htmlwidgets 1.8Mb
Flavors: r-devel-linux-x86_64-fedora-clang, r-devel-windows-x86_64, r-release-macos-arm64, r-release-windows-x86_64, r-oldrel-macos-arm64, r-oldrel-macos-x86_64, r-oldrel-windows-x86_64