Last updated on 2024-05-04 13:49:16 CEST.
Flavor | Version | Tinstall | Tcheck | Ttotal | Status | Flags |
---|---|---|---|---|---|---|
r-devel-linux-x86_64-debian-clang | 0.1.1 | 8.70 | 87.56 | 96.26 | OK | |
r-devel-linux-x86_64-debian-gcc | 0.1.1 | 6.35 | 64.45 | 70.80 | OK | |
r-devel-linux-x86_64-fedora-clang | 0.1.1 | 121.98 | OK | |||
r-devel-linux-x86_64-fedora-gcc | 0.1.1 | 124.15 | OK | |||
r-devel-windows-x86_64 | 0.1.1 | 9.00 | 95.00 | 104.00 | OK | |
r-patched-linux-x86_64 | 0.1.1 | 8.43 | 81.81 | 90.24 | OK | |
r-release-linux-x86_64 | 0.1.1 | 4.91 | 81.29 | 86.20 | OK | |
r-release-macos-arm64 | 0.1.1 | 42.00 | OK | |||
r-release-windows-x86_64 | 0.1.1 | 9.00 | 91.00 | 100.00 | ERROR | |
r-oldrel-macos-arm64 | 0.1.1 | 42.00 | OK | |||
r-oldrel-macos-x86_64 | 0.1.1 | 67.00 | OK | |||
r-oldrel-windows-x86_64 | 0.1.1 | 10.00 | 103.00 | 113.00 | OK |
Version: 0.1.1
Check: re-building of vignette outputs
Result: ERROR
Error(s) in re-building vignettes:
--- re-building 'Vignette.Rmd' using rmarkdown
Quitting from lines at lines 411-412 [unnamed-chunk-25] (Vignette.Rmd)
Error: processing vignette 'Vignette.Rmd' failed with diagnostics:
Recv failure: Connection was reset
--- failed re-building 'Vignette.Rmd'
SUMMARY: processing the following file failed:
'Vignette.Rmd'
Error: Vignette re-building failed.
Execution halted
Flavor: r-release-windows-x86_64