Last updated on 2024-05-04 09:49:46 CEST.
Flavor | Version | Tinstall | Tcheck | Ttotal | Status | Flags |
---|---|---|---|---|---|---|
r-devel-linux-x86_64-debian-clang | 1.6.0 | 11.90 | 84.67 | 96.57 | OK | |
r-devel-linux-x86_64-debian-gcc | 1.6.0 | 11.17 | 61.43 | 72.60 | OK | |
r-devel-linux-x86_64-fedora-clang | 1.6.0 | 114.68 | NOTE | |||
r-devel-linux-x86_64-fedora-gcc | 1.6.0 | 107.20 | OK | |||
r-devel-windows-x86_64 | 1.6.0 | 13.00 | 84.00 | 97.00 | NOTE | |
r-patched-linux-x86_64 | 1.6.0 | 15.85 | 79.53 | 95.38 | OK | |
r-release-linux-x86_64 | 1.6.0 | 13.32 | 79.58 | 92.90 | OK | |
r-release-macos-arm64 | 1.6.0 | 35.00 | NOTE | |||
r-release-windows-x86_64 | 1.6.0 | 12.00 | 84.00 | 96.00 | NOTE | |
r-oldrel-macos-arm64 | 1.6.0 | 35.00 | NOTE | |||
r-oldrel-macos-x86_64 | 1.6.0 | 53.00 | NOTE | |||
r-oldrel-windows-x86_64 | 1.6.0 | 15.00 | 97.00 | 112.00 | NOTE |
Version: 1.6.0
Check: installed package size
Result: NOTE
installed size is 11.5Mb
sub-directories of 1Mb or more:
htmlwidgets 10.0Mb
super-tiny-icons 1.0Mb
Flavors: r-devel-linux-x86_64-fedora-clang, r-devel-windows-x86_64, r-release-macos-arm64, r-release-windows-x86_64, r-oldrel-macos-arm64, r-oldrel-macos-x86_64, r-oldrel-windows-x86_64