Last updated on 2024-05-04 09:49:46 CEST.
Flavor | Version | Tinstall | Tcheck | Ttotal | Status | Flags |
---|---|---|---|---|---|---|
r-devel-linux-x86_64-debian-clang | 1.2.0 | 22.34 | 145.58 | 167.92 | NOTE | |
r-devel-linux-x86_64-debian-gcc | 1.2.0 | 16.08 | 106.29 | 122.37 | NOTE | |
r-devel-linux-x86_64-fedora-clang | 1.2.0 | 201.00 | NOTE | |||
r-devel-linux-x86_64-fedora-gcc | 1.2.0 | 189.94 | NOTE | |||
r-devel-windows-x86_64 | 1.2.0 | 17.00 | 390.00 | 407.00 | NOTE | |
r-patched-linux-x86_64 | 1.2.0 | 12.29 | 137.70 | 149.99 | NOTE | |
r-release-linux-x86_64 | 1.2.0 | 12.91 | 137.12 | 150.03 | NOTE | |
r-release-macos-arm64 | 1.2.0 | 55.00 | NOTE | |||
r-release-windows-x86_64 | 1.2.0 | 17.00 | 250.00 | 267.00 | NOTE | |
r-oldrel-macos-arm64 | 1.2.0 | 55.00 | OK | |||
r-oldrel-macos-x86_64 | 1.2.0 | 136.00 | OK | |||
r-oldrel-windows-x86_64 | 1.2.0 | 22.00 | 315.00 | 337.00 | OK |
Version: 1.2.0
Check: Rd files
Result: NOTE
checkRd: (-1) hetTgen.Rd:16: Lost braces; missing escapes or markup?
16 | \item{info.type}{character. \code{AD}: allele depth value, {AD-tot}:total
| ^
Flavors: r-devel-linux-x86_64-debian-clang, r-devel-linux-x86_64-debian-gcc, r-devel-linux-x86_64-fedora-clang, r-devel-linux-x86_64-fedora-gcc, r-devel-windows-x86_64, r-patched-linux-x86_64, r-release-linux-x86_64, r-release-macos-arm64, r-release-windows-x86_64