Last updated on 2024-05-04 09:49:46 CEST.
Flavor | Version | Tinstall | Tcheck | Ttotal | Status | Flags |
---|---|---|---|---|---|---|
r-devel-linux-x86_64-debian-clang | 1.15.4 | 231.44 | 85.27 | 316.71 | OK | |
r-devel-linux-x86_64-debian-gcc | 1.15.4 | 179.40 | 69.49 | 248.89 | OK | |
r-devel-linux-x86_64-fedora-clang | 1.15.4 | 460.17 | OK | |||
r-devel-linux-x86_64-fedora-gcc | 1.15.4 | 482.78 | OK | |||
r-devel-windows-x86_64 | 1.15.4 | 141.00 | 193.00 | 334.00 | OK | |
r-patched-linux-x86_64 | 1.15.4 | 218.92 | 85.23 | 304.15 | OK | |
r-release-linux-x86_64 | 1.15.4 | 213.35 | 85.67 | 299.02 | OK | |
r-release-macos-arm64 | 1.15.4 | 126.00 | NOTE | |||
r-release-macos-x86_64 | 1.15.4 | 153.00 | NOTE | |||
r-release-windows-x86_64 | 1.15.4 | 142.00 | 195.00 | 337.00 | OK | |
r-oldrel-macos-arm64 | 1.15.4 | 102.00 | NOTE | |||
r-oldrel-macos-x86_64 | 1.15.4 | 152.00 | NOTE | |||
r-oldrel-windows-x86_64 | 1.15.4 | 144.00 | 215.00 | 359.00 | OK |
Version: 1.15.4
Check: installed package size
Result: NOTE
installed size is 11.9Mb
sub-directories of 1Mb or more:
libs 11.1Mb
Flavors: r-release-macos-arm64, r-release-macos-x86_64, r-oldrel-macos-arm64, r-oldrel-macos-x86_64