Last updated on 2024-05-04 09:49:47 CEST.
Flavor | Version | Tinstall | Tcheck | Ttotal | Status | Flags |
---|---|---|---|---|---|---|
r-devel-linux-x86_64-debian-clang | 1.3 | 34.30 | 287.23 | 321.53 | OK | |
r-devel-linux-x86_64-debian-gcc | 1.3 | 31.76 | 206.13 | 237.89 | OK | |
r-devel-linux-x86_64-fedora-clang | 1.3 | 401.41 | NOTE | |||
r-devel-linux-x86_64-fedora-gcc | 1.3 | 403.68 | OK | |||
r-devel-windows-x86_64 | 1.3 | 39.00 | 204.00 | 243.00 | NOTE | |
r-patched-linux-x86_64 | 1.3 | 20.40 | 269.31 | 289.71 | OK | |
r-release-linux-x86_64 | 1.3 | 21.82 | 262.99 | 284.81 | OK | |
r-release-macos-arm64 | 1.3 | 100.00 | NOTE | |||
r-release-macos-x86_64 | 1.3 | 196.00 | NOTE | |||
r-release-windows-x86_64 | 1.3 | 42.00 | 203.00 | 245.00 | NOTE | |
r-oldrel-macos-arm64 | 1.3 | 86.00 | NOTE | |||
r-oldrel-macos-x86_64 | 1.3 | 147.00 | NOTE | |||
r-oldrel-windows-x86_64 | 1.3 | 49.00 | 257.00 | 306.00 | NOTE |
Version: 1.3
Check: installed package size
Result: NOTE
installed size is 24.8Mb
sub-directories of 1Mb or more:
extdata 24.0Mb
Flavors: r-devel-linux-x86_64-fedora-clang, r-devel-windows-x86_64, r-release-macos-arm64, r-release-macos-x86_64, r-release-windows-x86_64, r-oldrel-macos-arm64, r-oldrel-macos-x86_64, r-oldrel-windows-x86_64