Last updated on 2024-05-04 09:49:48 CEST.
Flavor | Version | Tinstall | Tcheck | Ttotal | Status | Flags |
---|---|---|---|---|---|---|
r-devel-linux-x86_64-debian-clang | 4.23.1-2 | 152.96 | 226.16 | 379.12 | NOTE | |
r-devel-linux-x86_64-debian-gcc | 4.23.1-2 | 135.25 | 149.82 | 285.07 | NOTE | |
r-devel-linux-x86_64-fedora-clang | 4.23.1-2 | 504.81 | NOTE | |||
r-devel-linux-x86_64-fedora-gcc | 4.23.1-2 | 514.07 | NOTE | |||
r-devel-windows-x86_64 | 4.23.1-2 | 123.00 | 200.00 | 323.00 | NOTE | |
r-patched-linux-x86_64 | 4.23.1-2 | 165.60 | 202.78 | 368.38 | NOTE | |
r-release-linux-x86_64 | 4.23.1-2 | 155.39 | 204.65 | 360.04 | NOTE | |
r-release-macos-arm64 | 4.23.1-2 | 116.00 | NOTE | |||
r-release-windows-x86_64 | 4.23.1-2 | 126.00 | 202.00 | 328.00 | NOTE | |
r-oldrel-macos-arm64 | 4.23.1-2 | 122.00 | NOTE | |||
r-oldrel-macos-x86_64 | 4.23.1-2 | 237.00 | NOTE | |||
r-oldrel-windows-x86_64 | 4.23.1-2 | 117.00 | 254.00 | 371.00 | NOTE |
Version: 4.23.1-2
Check: C++ specification
Result: NOTE
Specified C++11: please drop specification unless essential
Flavors: r-devel-linux-x86_64-debian-clang, r-devel-linux-x86_64-debian-gcc, r-devel-linux-x86_64-fedora-clang, r-devel-linux-x86_64-fedora-gcc, r-devel-windows-x86_64, r-patched-linux-x86_64, r-release-linux-x86_64, r-release-macos-arm64, r-release-windows-x86_64, r-oldrel-macos-arm64, r-oldrel-macos-x86_64, r-oldrel-windows-x86_64
Version: 4.23.1-2
Check: for GNU extensions in Makefiles
Result: NOTE
GNU make is a SystemRequirements.
Flavors: r-devel-linux-x86_64-debian-clang, r-devel-linux-x86_64-debian-gcc, r-devel-linux-x86_64-fedora-clang, r-devel-linux-x86_64-fedora-gcc, r-devel-windows-x86_64, r-patched-linux-x86_64, r-release-linux-x86_64, r-release-macos-arm64, r-release-windows-x86_64, r-oldrel-macos-arm64, r-oldrel-macos-x86_64, r-oldrel-windows-x86_64
Version: 4.23.1-2
Check: installed package size
Result: NOTE
installed size is 11.5Mb
sub-directories of 1Mb or more:
doc 7.9Mb
libs 2.8Mb
Flavors: r-devel-linux-x86_64-fedora-clang, r-devel-windows-x86_64, r-release-macos-arm64, r-release-windows-x86_64, r-oldrel-macos-arm64, r-oldrel-macos-x86_64, r-oldrel-windows-x86_64