Last updated on 2024-05-04 13:49:19 CEST.
Flavor | Version | Tinstall | Tcheck | Ttotal | Status | Flags |
---|---|---|---|---|---|---|
r-devel-linux-x86_64-debian-clang | 2.0.0 | 69.05 | 398.63 | 467.68 | OK | |
r-devel-linux-x86_64-debian-gcc | 2.0.0 | 60.62 | 284.79 | 345.41 | OK | |
r-devel-linux-x86_64-fedora-clang | 2.0.0 | 579.53 | OK | |||
r-devel-linux-x86_64-fedora-gcc | 2.0.0 | 567.71 | OK | |||
r-devel-windows-x86_64 | 2.0.0 | 60.00 | 254.00 | 314.00 | OK | |
r-patched-linux-x86_64 | 2.0.0 | 70.47 | 380.60 | 451.07 | OK | |
r-release-linux-x86_64 | 2.0.0 | 68.52 | 383.43 | 451.95 | OK | |
r-release-macos-arm64 | 2.0.0 | 150.00 | OK | |||
r-release-macos-x86_64 | 2.0.0 | 498.00 | OK | |||
r-release-windows-x86_64 | 2.0.0 | 60.00 | 253.00 | 313.00 | OK | |
r-oldrel-macos-arm64 | 2.0.0 | 152.00 | NOTE | |||
r-oldrel-macos-x86_64 | 2.0.0 | 438.00 | NOTE | |||
r-oldrel-windows-x86_64 | 2.0.0 | 79.00 | 337.00 | 416.00 | OK |
Version: 2.0.0
Check: installed package size
Result: NOTE
installed size is 5.3Mb
sub-directories of 1Mb or more:
data 5.0Mb
Flavors: r-oldrel-macos-arm64, r-oldrel-macos-x86_64