Last updated on 2024-05-04 13:49:16 CEST.
Flavor | Version | Tinstall | Tcheck | Ttotal | Status | Flags |
---|---|---|---|---|---|---|
r-devel-linux-x86_64-debian-clang | 1.1 | 6.27 | 46.00 | 52.27 | NOTE | |
r-devel-linux-x86_64-debian-gcc | 1.1 | 3.95 | 35.41 | 39.36 | NOTE | |
r-devel-linux-x86_64-fedora-clang | 1.1 | 64.95 | NOTE | |||
r-devel-linux-x86_64-fedora-gcc | 1.1 | 62.87 | NOTE | |||
r-devel-windows-x86_64 | 1.1 | 6.00 | 68.00 | 74.00 | NOTE | |
r-patched-linux-x86_64 | 1.1 | 6.64 | 44.05 | 50.69 | NOTE | |
r-release-linux-x86_64 | 1.1 | 5.56 | 45.12 | 50.68 | NOTE | |
r-release-macos-arm64 | 1.1 | 24.00 | NOTE | |||
r-release-windows-x86_64 | 1.1 | 6.00 | 67.00 | 73.00 | NOTE | |
r-oldrel-macos-arm64 | 1.1 | 23.00 | OK | |||
r-oldrel-macos-x86_64 | 1.1 | 34.00 | OK | |||
r-oldrel-windows-x86_64 | 1.1 | 7.00 | 70.00 | 77.00 | OK |
Version: 1.1
Check: Rd files
Result: NOTE
checkRd: (-1) max.Rd:17: Lost braces
17 | Returns the maximum of all values in a vector by passing \{code{\link{max}} as \code{fn} argument to \code{\link{univar}} function.
| ^
checkRd: (-1) min.Rd:17: Lost braces
17 | Returns the minimum of all values in a vector by passing \{code{\link{min}} as \code{fn} argument to \code{\link{univar}} function.
| ^
Flavors: r-devel-linux-x86_64-debian-clang, r-devel-linux-x86_64-debian-gcc, r-devel-linux-x86_64-fedora-clang, r-devel-linux-x86_64-fedora-gcc, r-devel-windows-x86_64, r-patched-linux-x86_64, r-release-linux-x86_64, r-release-macos-arm64, r-release-windows-x86_64
Version: 1.1
Check: Rd cross-references
Result: NOTE
Undeclared package ‘reshape’ in Rd xrefs
Flavor: r-devel-linux-x86_64-fedora-clang