Last updated on 2024-05-04 09:49:46 CEST.
Flavor | Version | Tinstall | Tcheck | Ttotal | Status | Flags |
---|---|---|---|---|---|---|
r-devel-linux-x86_64-debian-clang | 3.6-26 | 292.48 | 563.54 | 856.02 | OK | |
r-devel-linux-x86_64-debian-gcc | 3.6-26 | 215.52 | 382.73 | 598.25 | OK | |
r-devel-linux-x86_64-fedora-clang | 3.6-26 | 1093.49 | OK | |||
r-devel-linux-x86_64-fedora-gcc | 3.6-26 | 1028.07 | OK | |||
r-devel-windows-x86_64 | 3.6-26 | 220.00 | 407.00 | 627.00 | NOTE | |
r-patched-linux-x86_64 | 3.6-26 | 259.21 | 509.90 | 769.11 | OK | |
r-release-linux-x86_64 | 3.6-26 | 262.68 | 514.01 | 776.69 | OK | |
r-release-macos-arm64 | 3.6-26 | 198.00 | NOTE | |||
r-release-windows-x86_64 | 3.6-26 | 211.00 | 409.00 | 620.00 | NOTE | |
r-oldrel-macos-arm64 | 3.6-26 | 213.00 | NOTE | |||
r-oldrel-macos-x86_64 | 3.6-26 | 570.00 | NOTE | |||
r-oldrel-windows-x86_64 | 3.6-26 | 277.00 | 550.00 | 827.00 | NOTE |
Version: 3.6-26
Check: installed package size
Result: NOTE
installed size is 5.5Mb
sub-directories of 1Mb or more:
R 3.1Mb
libs 1.4Mb
Flavors: r-devel-windows-x86_64, r-release-macos-arm64, r-release-windows-x86_64, r-oldrel-macos-arm64, r-oldrel-macos-x86_64, r-oldrel-windows-x86_64