Last updated on 2024-05-04 09:49:46 CEST.
Flavor | Version | Tinstall | Tcheck | Ttotal | Status | Flags |
---|---|---|---|---|---|---|
r-devel-linux-x86_64-debian-clang | 1.3.1 | 596.63 | 239.54 | 836.17 | NOTE | |
r-devel-linux-x86_64-debian-gcc | 1.3.1 | 563.29 | 212.86 | 776.15 | NOTE | |
r-devel-linux-x86_64-fedora-clang | 1.3.1 | 1014.20 | NOTE | |||
r-devel-linux-x86_64-fedora-gcc | 1.3.1 | 1334.27 | NOTE | |||
r-devel-windows-x86_64 | 1.3.1 | 435.00 | 244.00 | 679.00 | NOTE | |
r-patched-linux-x86_64 | 1.3.1 | 466.31 | 280.57 | 746.88 | NOTE | |
r-release-linux-x86_64 | 1.3.1 | 0.01 | 2.79 | 2.80 | ERROR | |
r-release-macos-arm64 | 1.3.1 | 245.00 | NOTE | |||
r-release-windows-x86_64 | 1.3.1 | 441.00 | 234.00 | 675.00 | NOTE | |
r-oldrel-macos-arm64 | 1.3.1 | 428.00 | NOTE | |||
r-oldrel-macos-x86_64 | 1.3.1 | 583.00 | NOTE | |||
r-oldrel-windows-x86_64 | 1.3.1 | 571.00 | 287.00 | 858.00 | NOTE |
Version: 1.3.1
Check: Rd files
Result: NOTE
checkRd: (-1) as_mcmc.list.Rd:5: Lost braces; missing escapes or markup?
5 | \title{Convert a rater_fit object to a {coda} \code{mcmc.list} object.}
| ^
checkRd: (-1) as_mcmc.list.Rd:16: Lost braces; missing escapes or markup?
16 | Convert a rater_fit object to a {coda} \code{mcmc.list} object.
| ^
checkRd: (-1) as_mcmc.list.Rd:13: Lost braces; missing escapes or markup?
13 | A {coda} mcmc.list object.
| ^
Flavors: r-devel-linux-x86_64-debian-clang, r-devel-linux-x86_64-debian-gcc, r-devel-linux-x86_64-fedora-clang, r-devel-linux-x86_64-fedora-gcc, r-devel-windows-x86_64, r-patched-linux-x86_64, r-release-macos-arm64, r-release-windows-x86_64
Version: 1.3.1
Check: for GNU extensions in Makefiles
Result: NOTE
GNU make is a SystemRequirements.
Flavors: r-devel-linux-x86_64-debian-clang, r-devel-linux-x86_64-debian-gcc, r-devel-linux-x86_64-fedora-clang, r-devel-linux-x86_64-fedora-gcc, r-devel-windows-x86_64, r-patched-linux-x86_64, r-release-macos-arm64, r-release-windows-x86_64, r-oldrel-macos-arm64, r-oldrel-macos-x86_64, r-oldrel-windows-x86_64
Version: 1.3.1
Check: installed package size
Result: NOTE
installed size is 6.1Mb
sub-directories of 1Mb or more:
libs 5.3Mb
Flavors: r-devel-linux-x86_64-fedora-clang, r-devel-windows-x86_64, r-release-macos-arm64, r-release-windows-x86_64, r-oldrel-macos-arm64, r-oldrel-macos-x86_64, r-oldrel-windows-x86_64
Version: 1.3.1
Check: whether package can be installed
Result: ERROR
Installation failed.
Flavor: r-release-linux-x86_64