Last updated on 2024-05-04 09:49:46 CEST.
Flavor | Version | Tinstall | Tcheck | Ttotal | Status | Flags |
---|---|---|---|---|---|---|
r-devel-linux-x86_64-debian-clang | 0.10.4 | 165.30 | 57.92 | 223.22 | OK | |
r-devel-linux-x86_64-debian-gcc | 0.10.4 | 135.72 | 42.63 | 178.35 | OK | |
r-devel-linux-x86_64-fedora-clang | 0.10.4 | 321.45 | OK | |||
r-devel-linux-x86_64-fedora-gcc | 0.10.4 | 329.52 | OK | |||
r-devel-windows-x86_64 | 0.10.4 | 132.00 | 91.00 | 223.00 | OK | |
r-patched-linux-x86_64 | 0.10.4 | 167.45 | 54.45 | 221.90 | OK | |
r-release-linux-x86_64 | 0.10.4 | 182.26 | 56.03 | 238.29 | OK | |
r-release-macos-arm64 | 0.10.4 | 59.00 | NOTE | |||
r-release-windows-x86_64 | 0.10.4 | 130.00 | 93.00 | 223.00 | OK | |
r-oldrel-macos-arm64 | 0.10.4 | 72.00 | NOTE | |||
r-oldrel-macos-x86_64 | 0.10.4 | 84.00 | NOTE | |||
r-oldrel-windows-x86_64 | 0.10.4 | 161.00 | 104.00 | 265.00 | OK |
Version: 0.10.4
Check: installed package size
Result: NOTE
installed size is 9.8Mb
sub-directories of 1Mb or more:
libs 9.3Mb
Flavors: r-release-macos-arm64, r-oldrel-macos-arm64, r-oldrel-macos-x86_64