Last updated on 2024-05-04 09:49:46 CEST.
Flavor | Version | Tinstall | Tcheck | Ttotal | Status | Flags |
---|---|---|---|---|---|---|
r-devel-linux-x86_64-debian-clang | 1.8.0 | 14.37 | 124.13 | 138.50 | OK | |
r-devel-linux-x86_64-debian-gcc | 1.8.0 | 13.27 | 94.91 | 108.18 | OK | |
r-devel-linux-x86_64-fedora-clang | 1.8.0 | 176.83 | NOTE | |||
r-devel-linux-x86_64-fedora-gcc | 1.8.0 | 181.57 | OK | |||
r-devel-windows-x86_64 | 1.8.0 | 15.00 | 123.00 | 138.00 | NOTE | |
r-patched-linux-x86_64 | 1.8.0 | 20.33 | 120.36 | 140.69 | OK | |
r-release-linux-x86_64 | 1.8.0 | 16.78 | 120.38 | 137.16 | OK | |
r-release-macos-arm64 | 1.8.0 | 68.00 | NOTE | |||
r-release-windows-x86_64 | 1.8.0 | 15.00 | 121.00 | 136.00 | NOTE | |
r-oldrel-macos-arm64 | 1.8.0 | 76.00 | NOTE | |||
r-oldrel-macos-x86_64 | 1.8.0 | 199.00 | NOTE | |||
r-oldrel-windows-x86_64 | 1.8.0 | 15.00 | 138.00 | 153.00 | NOTE |
Version: 1.8.0
Check: installed package size
Result: NOTE
installed size is 6.5Mb
sub-directories of 1Mb or more:
R 3.8Mb
data 1.5Mb
Flavors: r-devel-linux-x86_64-fedora-clang, r-devel-windows-x86_64, r-release-macos-arm64, r-release-windows-x86_64, r-oldrel-macos-arm64, r-oldrel-macos-x86_64, r-oldrel-windows-x86_64