Last updated on 2024-05-04 13:49:17 CEST.
Flavor | Version | Tinstall | Tcheck | Ttotal | Status | Flags |
---|---|---|---|---|---|---|
r-devel-linux-x86_64-debian-clang | 0.2.1 | 8.19 | 38.65 | 46.84 | OK | |
r-devel-linux-x86_64-debian-gcc | 0.2.1 | 5.57 | 28.02 | 33.59 | OK | |
r-devel-linux-x86_64-fedora-clang | 0.2.1 | 48.94 | NOTE | |||
r-devel-linux-x86_64-fedora-gcc | 0.2.1 | 49.37 | OK | |||
r-devel-windows-x86_64 | 0.2.1 | 7.00 | 49.00 | 56.00 | NOTE | |
r-patched-linux-x86_64 | 0.2.1 | 4.78 | 34.40 | 39.18 | OK | |
r-release-linux-x86_64 | 0.2.1 | 5.09 | 35.46 | 40.55 | OK | |
r-release-macos-arm64 | 0.2.1 | 22.00 | NOTE | |||
r-release-windows-x86_64 | 0.2.1 | 6.00 | 49.00 | 55.00 | NOTE | |
r-oldrel-macos-arm64 | 0.2.1 | 27.00 | NOTE | |||
r-oldrel-macos-x86_64 | 0.2.1 | 29.00 | NOTE | |||
r-oldrel-windows-x86_64 | 0.2.1 | 8.00 | 50.00 | 58.00 | NOTE |
Version: 0.2.1
Check: package dependencies
Result: NOTE
Package suggested but not available for checking: ‘opencv’
Flavor: r-devel-linux-x86_64-fedora-clang
Version: 0.2.1
Check: installed package size
Result: NOTE
installed size is 10.4Mb
sub-directories of 1Mb or more:
htmlwidgets 9.9Mb
Flavors: r-devel-linux-x86_64-fedora-clang, r-devel-windows-x86_64, r-release-macos-arm64, r-release-windows-x86_64, r-oldrel-macos-arm64, r-oldrel-macos-x86_64, r-oldrel-windows-x86_64