Last updated on 2024-05-04 13:49:17 CEST.
Flavor | Version | Tinstall | Tcheck | Ttotal | Status | Flags |
---|---|---|---|---|---|---|
r-devel-linux-x86_64-debian-clang | 2023.6.0 | 42.41 | 65.19 | 107.60 | OK | |
r-devel-linux-x86_64-debian-gcc | 2023.6.0 | 40.04 | 51.26 | 91.30 | OK | |
r-devel-linux-x86_64-fedora-clang | 2023.6.0 | 147.40 | NOTE | |||
r-devel-linux-x86_64-fedora-gcc | 2023.6.0 | 146.01 | NOTE | |||
r-devel-windows-x86_64 | 2023.6.0 | 40.00 | 68.00 | 108.00 | OK | |
r-patched-linux-x86_64 | 2023.6.0 | 43.01 | 62.49 | 105.50 | OK | |
r-release-linux-x86_64 | 2023.6.0 | 47.64 | 65.11 | 112.75 | OK | |
r-release-macos-arm64 | 2023.6.0 | 58.00 | OK | |||
r-release-windows-x86_64 | 2023.6.0 | 39.00 | 68.00 | 107.00 | OK | |
r-oldrel-macos-arm64 | 2023.6.0 | 70.00 | OK | |||
r-oldrel-macos-x86_64 | 2023.6.0 | 121.00 | OK | |||
r-oldrel-windows-x86_64 | 2023.6.0 | 54.00 | 80.00 | 134.00 | OK |
Version: 2023.6.0
Check: data for non-ASCII characters
Result: NOTE
Note: found 24152 marked UTF-8 strings
Flavors: r-devel-linux-x86_64-fedora-clang, r-devel-linux-x86_64-fedora-gcc