Last updated on 2024-05-04 13:49:17 CEST.
Flavor | Version | Tinstall | Tcheck | Ttotal | Status | Flags |
---|---|---|---|---|---|---|
r-devel-linux-x86_64-debian-clang | 0.5.2 | 2.94 | 38.09 | 41.03 | NOTE | |
r-devel-linux-x86_64-debian-gcc | 0.5.2 | 3.32 | 29.38 | 32.70 | NOTE | |
r-devel-linux-x86_64-fedora-clang | 0.5.2 | 53.88 | NOTE | |||
r-devel-linux-x86_64-fedora-gcc | 0.5.2 | 50.85 | NOTE | |||
r-devel-windows-x86_64 | 0.5.2 | 6.00 | 49.00 | 55.00 | NOTE | |
r-patched-linux-x86_64 | 0.5.2 | 3.75 | 36.42 | 40.17 | NOTE | |
r-release-linux-x86_64 | 0.5.2 | 4.65 | 36.12 | 40.77 | NOTE | |
r-release-macos-arm64 | 0.5.2 | 20.00 | NOTE | |||
r-release-windows-x86_64 | 0.5.2 | 5.00 | 48.00 | 53.00 | NOTE | |
r-oldrel-macos-arm64 | 0.5.2 | 20.00 | NOTE | |||
r-oldrel-macos-x86_64 | 0.5.2 | 29.00 | NOTE | |||
r-oldrel-windows-x86_64 | 0.5.2 | 6.00 | 52.00 | 58.00 | NOTE |
Version: 0.5.2
Check: LazyData
Result: NOTE
'LazyData' is specified without a 'data' directory
Flavors: r-devel-linux-x86_64-debian-clang, r-devel-linux-x86_64-debian-gcc, r-devel-linux-x86_64-fedora-clang, r-devel-linux-x86_64-fedora-gcc, r-devel-windows-x86_64, r-patched-linux-x86_64, r-release-linux-x86_64, r-release-macos-arm64, r-release-windows-x86_64, r-oldrel-macos-arm64, r-oldrel-macos-x86_64, r-oldrel-windows-x86_64