Last updated on 2024-05-04 13:49:17 CEST.
Flavor | Version | Tinstall | Tcheck | Ttotal | Status | Flags |
---|---|---|---|---|---|---|
r-devel-linux-x86_64-debian-clang | 2.1 | 7.78 | 59.00 | 66.78 | OK | |
r-devel-linux-x86_64-debian-gcc | 2.1 | 5.02 | 44.87 | 49.89 | OK | |
r-devel-linux-x86_64-fedora-clang | 2.1 | 82.72 | NOTE | |||
r-devel-linux-x86_64-fedora-gcc | 2.1 | 91.26 | NOTE | |||
r-devel-windows-x86_64 | 2.1 | 6.00 | 80.00 | 86.00 | OK | |
r-patched-linux-x86_64 | 2.1 | 5.46 | 58.01 | 63.47 | OK | |
r-release-linux-x86_64 | 2.1 | 5.07 | 56.07 | 61.14 | OK | |
r-release-macos-arm64 | 2.1 | 28.00 | OK | |||
r-release-macos-x86_64 | 2.1 | 85.00 | OK | |||
r-release-windows-x86_64 | 2.1 | 7.00 | 80.00 | 87.00 | OK | |
r-oldrel-macos-arm64 | 2.1 | 36.00 | OK | |||
r-oldrel-macos-x86_64 | 2.1 | 92.00 | OK | |||
r-oldrel-windows-x86_64 | 2.1 | 5.00 | 86.00 | 91.00 | OK |
Version: 2.1
Check: data for non-ASCII characters
Result: NOTE
Note: found 1 marked UTF-8 string
Flavors: r-devel-linux-x86_64-fedora-clang, r-devel-linux-x86_64-fedora-gcc