Last updated on 2024-05-04 13:49:17 CEST.
Flavor | Version | Tinstall | Tcheck | Ttotal | Status | Flags |
---|---|---|---|---|---|---|
r-devel-linux-x86_64-debian-clang | 3.2.5 | 58.29 | 72.95 | 131.24 | OK | |
r-devel-linux-x86_64-debian-gcc | 3.2.5 | 44.10 | 55.97 | 100.07 | OK | |
r-devel-linux-x86_64-fedora-clang | 3.2.5 | 168.41 | OK | |||
r-devel-linux-x86_64-fedora-gcc | 3.2.5 | 191.58 | OK | |||
r-devel-windows-x86_64 | 3.2.5 | 44.00 | 122.00 | 166.00 | NOTE | |
r-patched-linux-x86_64 | 3.2.5 | 59.26 | 71.49 | 130.75 | OK | |
r-release-linux-x86_64 | 3.2.5 | 56.23 | 70.60 | 126.83 | OK | |
r-release-macos-arm64 | 3.2.5 | 64.00 | NOTE | |||
r-release-macos-x86_64 | 3.2.5 | 154.00 | NOTE | |||
r-release-windows-x86_64 | 3.2.5 | 42.00 | 122.00 | 164.00 | NOTE | |
r-oldrel-macos-arm64 | 3.2.5 | 70.00 | NOTE | |||
r-oldrel-macos-x86_64 | 3.2.5 | 146.00 | NOTE | |||
r-oldrel-windows-x86_64 | 3.2.5 | 54.00 | 137.00 | 191.00 | NOTE |
Version: 3.2.5
Check: installed package size
Result: NOTE
installed size is 5.0Mb
sub-directories of 1Mb or more:
doc 3.4Mb
libs 1.3Mb
Flavors: r-devel-windows-x86_64, r-release-macos-arm64, r-release-macos-x86_64, r-release-windows-x86_64, r-oldrel-macos-arm64, r-oldrel-macos-x86_64, r-oldrel-windows-x86_64