Last updated on 2024-05-04 13:49:17 CEST.
Flavor | Version | Tinstall | Tcheck | Ttotal | Status | Flags |
---|---|---|---|---|---|---|
r-devel-linux-x86_64-debian-clang | 1.0.2 | 19.72 | 208.91 | 228.63 | OK | |
r-devel-linux-x86_64-debian-gcc | 1.0.2 | 13.73 | 151.24 | 164.97 | OK | |
r-devel-linux-x86_64-fedora-clang | 1.0.2 | 278.24 | OK | |||
r-devel-linux-x86_64-fedora-gcc | 1.0.2 | 298.25 | OK | |||
r-devel-windows-x86_64 | 1.0.2 | 16.00 | 154.00 | 170.00 | OK | |
r-patched-linux-x86_64 | 1.0.2 | 12.50 | 199.16 | 211.66 | OK | |
r-release-linux-x86_64 | 1.0.2 | 12.18 | 201.36 | 213.54 | OK | |
r-release-macos-arm64 | 1.0.2 | 73.00 | OK | |||
r-release-windows-x86_64 | 1.0.2 | 17.00 | 158.00 | 175.00 | OK | |
r-oldrel-macos-arm64 | 1.0.2 | 89.00 | OK | |||
r-oldrel-macos-x86_64 | 1.0.2 | 129.00 | NOTE | |||
r-oldrel-windows-x86_64 | 1.0.2 | 23.00 | 193.00 | 216.00 | OK |
Version: 1.0.2
Check: package dependencies
Result: NOTE
Package suggested but not available for checking: ‘ggpubr’
Flavor: r-oldrel-macos-x86_64