Last updated on 2024-05-04 13:49:17 CEST.
Flavor | Version | Tinstall | Tcheck | Ttotal | Status | Flags |
---|---|---|---|---|---|---|
r-devel-linux-x86_64-debian-clang | 1.0.4 | 133.73 | 350.21 | 483.94 | OK | |
r-devel-linux-x86_64-debian-gcc | 1.0.4 | 115.85 | 276.80 | 392.65 | OK | |
r-devel-linux-x86_64-fedora-clang | 1.0.4 | 612.87 | OK | |||
r-devel-linux-x86_64-fedora-gcc | 1.0.4 | 680.28 | OK | |||
r-devel-windows-x86_64 | 1.0.4 | 93.00 | 297.00 | 390.00 | OK | |
r-patched-linux-x86_64 | 1.0.4 | 134.72 | 383.79 | 518.51 | OK | |
r-release-linux-x86_64 | 1.0.4 | 130.88 | 383.98 | 514.86 | OK | |
r-release-macos-arm64 | 1.0.4 | 181.00 | NOTE | |||
r-release-windows-x86_64 | 1.0.4 | 91.00 | 292.00 | 383.00 | OK | |
r-oldrel-macos-arm64 | 1.0.4 | 206.00 | NOTE | |||
r-oldrel-macos-x86_64 | 1.0.4 | 392.00 | NOTE | |||
r-oldrel-windows-x86_64 | 1.0.4 | 119.00 | 384.00 | 503.00 | OK |
Version: 1.0.4
Check: installed package size
Result: NOTE
installed size is 25.2Mb
sub-directories of 1Mb or more:
libs 23.8Mb
Flavors: r-release-macos-arm64, r-oldrel-macos-arm64, r-oldrel-macos-x86_64