Last updated on 2024-05-03 01:51:31 CEST.
Flavor | Version | Tinstall | Tcheck | Ttotal | Status | Flags |
---|---|---|---|---|---|---|
r-devel-linux-x86_64-debian-clang | 2.2.3 | 82.49 | 318.30 | 400.79 | OK | |
r-devel-linux-x86_64-debian-gcc | 2.2.3 | 68.01 | 273.53 | 341.54 | OK | |
r-devel-linux-x86_64-fedora-clang | 2.2.3 | 514.50 | OK | |||
r-devel-linux-x86_64-fedora-gcc | 2.2.3 | 598.52 | OK | |||
r-devel-windows-x86_64 | 2.2.3 | 66.00 | 329.00 | 395.00 | OK | |
r-patched-linux-x86_64 | 2.2.3 | 89.51 | 345.79 | 435.30 | OK | |
r-release-linux-x86_64 | 2.2.3 | 76.90 | 339.95 | 416.85 | OK | |
r-release-macos-arm64 | 2.2.3 | 179.00 | NOTE | |||
r-release-macos-x86_64 | 2.2.3 | 519.00 | NOTE | |||
r-release-windows-x86_64 | 2.2.3 | 60.00 | 317.00 | 377.00 | OK | |
r-oldrel-macos-arm64 | 2.2.3 | 186.00 | NOTE | |||
r-oldrel-macos-x86_64 | 2.2.3 | 497.00 | NOTE | |||
r-oldrel-windows-x86_64 | 2.2.3 | 81.00 | 380.00 | 461.00 | OK |
Version: 2.2.3
Check: installed package size
Result: NOTE
installed size is 9.3Mb
sub-directories of 1Mb or more:
doc 1.9Mb
libs 6.8Mb
Flavors: r-release-macos-arm64, r-release-macos-x86_64, r-oldrel-macos-arm64, r-oldrel-macos-x86_64