Last updated on 2024-05-04 13:49:17 CEST.
Flavor | Version | Tinstall | Tcheck | Ttotal | Status | Flags |
---|---|---|---|---|---|---|
r-devel-linux-x86_64-debian-clang | 0.0.2 | 180.79 | 193.66 | 374.45 | NOTE | |
r-devel-linux-x86_64-debian-gcc | 0.0.2 | 145.77 | 138.86 | 284.63 | NOTE | |
r-devel-linux-x86_64-fedora-clang | 0.0.2 | 489.58 | NOTE | |||
r-devel-linux-x86_64-fedora-gcc | 0.0.2 | 535.63 | NOTE | |||
r-devel-windows-x86_64 | 0.0.2 | 128.00 | 243.00 | 371.00 | NOTE | |
r-patched-linux-x86_64 | 0.0.2 | 129.10 | 186.88 | 315.98 | NOTE | |
r-release-linux-x86_64 | 0.0.2 | 129.05 | 185.88 | 314.93 | NOTE | |
r-release-macos-arm64 | 0.0.2 | 118.00 | NOTE | |||
r-release-windows-x86_64 | 0.0.2 | 134.00 | 243.00 | 377.00 | NOTE | |
r-oldrel-macos-arm64 | 0.0.2 | 124.00 | NOTE | |||
r-oldrel-macos-x86_64 | 0.0.2 | 444.00 | NOTE | |||
r-oldrel-windows-x86_64 | 0.0.2 | 167.00 | 254.00 | 421.00 | NOTE |
Version: 0.0.2
Check: for GNU extensions in Makefiles
Result: NOTE
GNU make is a SystemRequirements.
Flavors: r-devel-linux-x86_64-debian-clang, r-devel-linux-x86_64-debian-gcc, r-devel-linux-x86_64-fedora-clang, r-devel-linux-x86_64-fedora-gcc, r-devel-windows-x86_64, r-patched-linux-x86_64, r-release-linux-x86_64, r-release-macos-arm64, r-release-windows-x86_64, r-oldrel-macos-arm64, r-oldrel-macos-x86_64, r-oldrel-windows-x86_64
Version: 0.0.2
Check: installed package size
Result: NOTE
installed size is 16.1Mb
sub-directories of 1Mb or more:
R 2.1Mb
libs 13.5Mb
Flavors: r-release-macos-arm64, r-oldrel-macos-arm64, r-oldrel-macos-x86_64