Last updated on 2024-05-04 13:49:17 CEST.
Flavor | Version | Tinstall | Tcheck | Ttotal | Status | Flags |
---|---|---|---|---|---|---|
r-devel-linux-x86_64-debian-clang | 1.4.4 | 25.35 | 43.63 | 68.98 | NOTE | |
r-devel-linux-x86_64-debian-gcc | 1.4.4 | 18.91 | 32.39 | 51.30 | NOTE | |
r-devel-linux-x86_64-fedora-clang | 1.4.4 | 90.26 | NOTE | |||
r-devel-linux-x86_64-fedora-gcc | 1.4.4 | 86.95 | NOTE | |||
r-devel-windows-x86_64 | 1.4.4 | 21.00 | 74.00 | 95.00 | NOTE | |
r-patched-linux-x86_64 | 1.4.4 | 22.51 | 41.10 | 63.61 | NOTE | |
r-release-linux-x86_64 | 1.4.4 | 23.75 | 41.60 | 65.35 | NOTE | |
r-release-macos-arm64 | 1.4.4 | 26.00 | NOTE | |||
r-release-windows-x86_64 | 1.4.4 | 21.00 | 74.00 | 95.00 | NOTE | |
r-oldrel-macos-arm64 | 1.4.4 | 27.00 | NOTE | |||
r-oldrel-macos-x86_64 | 1.4.4 | 46.00 | NOTE | |||
r-oldrel-windows-x86_64 | 1.4.4 | 25.00 | 82.00 | 107.00 | NOTE |
Version: 1.4.4
Check: Rd files
Result: NOTE
checkRd: (-1) cast.Rd:45: Escaped LaTeX specials: \_
checkRd: (-1) cast.Rd:46: Escaped LaTeX specials: \_
Flavors: r-devel-linux-x86_64-debian-clang, r-devel-linux-x86_64-debian-gcc, r-devel-linux-x86_64-fedora-clang, r-devel-linux-x86_64-fedora-gcc, r-devel-windows-x86_64, r-patched-linux-x86_64, r-release-linux-x86_64, r-release-macos-arm64, r-release-windows-x86_64, r-oldrel-macos-arm64, r-oldrel-macos-x86_64, r-oldrel-windows-x86_64