Last updated on 2024-05-04 13:49:17 CEST.
Flavor | Version | Tinstall | Tcheck | Ttotal | Status | Flags |
---|---|---|---|---|---|---|
r-devel-linux-x86_64-debian-clang | 1.0.6 | 29.76 | 470.62 | 500.38 | OK | |
r-devel-linux-x86_64-debian-gcc | 1.0.6 | 21.08 | 336.24 | 357.32 | OK | |
r-devel-linux-x86_64-fedora-clang | 1.0.6 | 637.91 | NOTE | |||
r-devel-linux-x86_64-fedora-gcc | 1.0.6 | 603.56 | OK | |||
r-devel-windows-x86_64 | 1.0.6 | 22.00 | 326.00 | 348.00 | NOTE | |
r-patched-linux-x86_64 | 1.0.6 | 28.71 | 452.70 | 481.41 | OK | |
r-release-linux-x86_64 | 1.0.6 | 29.15 | 450.28 | 479.43 | OK | |
r-release-macos-arm64 | 1.0.6 | 145.00 | NOTE | |||
r-release-windows-x86_64 | 1.0.6 | 23.00 | 329.00 | 352.00 | NOTE | |
r-oldrel-macos-arm64 | 1.0.6 | 165.00 | NOTE | |||
r-oldrel-macos-x86_64 | 1.0.6 | 418.00 | NOTE | |||
r-oldrel-windows-x86_64 | 1.0.6 | 30.00 | 399.00 | 429.00 | NOTE |
Version: 1.0.6
Check: installed package size
Result: NOTE
installed size is 5.2Mb
sub-directories of 1Mb or more:
extdata 1.3Mb
java 2.9Mb
Flavors: r-devel-linux-x86_64-fedora-clang, r-devel-windows-x86_64, r-release-macos-arm64, r-release-windows-x86_64, r-oldrel-macos-arm64, r-oldrel-macos-x86_64, r-oldrel-windows-x86_64