Last updated on 2024-05-04 09:49:47 CEST.
Flavor | Version | Tinstall | Tcheck | Ttotal | Status | Flags |
---|---|---|---|---|---|---|
r-devel-linux-x86_64-debian-clang | 1.3.1 | 164.71 | 280.93 | 445.64 | NOTE | |
r-devel-linux-x86_64-debian-gcc | 1.3.1 | 125.89 | 201.71 | 327.60 | NOTE | |
r-devel-linux-x86_64-fedora-clang | 1.3.1 | 813.85 | NOTE | |||
r-devel-linux-x86_64-fedora-gcc | 1.3.1 | 677.62 | NOTE | |||
r-devel-windows-x86_64 | 1.3.1 | 209.00 | 242.00 | 451.00 | NOTE | |
r-patched-linux-x86_64 | 1.3.1 | 164.86 | 268.09 | 432.95 | OK | |
r-release-linux-x86_64 | 1.3.1 | 151.02 | 266.07 | 417.09 | OK | |
r-release-macos-arm64 | 1.3.1 | 347.00 | NOTE | |||
r-release-macos-x86_64 | 1.3.1 | 412.00 | NOTE | |||
r-release-windows-x86_64 | 1.3.1 | 196.00 | 248.00 | 444.00 | NOTE | |
r-oldrel-macos-arm64 | 1.3.1 | 350.00 | NOTE | |||
r-oldrel-macos-x86_64 | 1.3.1 | 384.00 | NOTE | |||
r-oldrel-windows-x86_64 | 1.3.1 | 220.00 | 296.00 | 516.00 | NOTE |
Version: 1.3.1
Check: compiled code
Result: NOTE
File ‘rgl/libs/rgl.so’:
Found non-API call to R: ‘Rf_psmatch’
Compiled code should not call non-API entry points in R.
See ‘Writing portable packages’ in the ‘Writing R Extensions’ manual.
Flavors: r-devel-linux-x86_64-debian-clang, r-devel-linux-x86_64-debian-gcc, r-devel-linux-x86_64-fedora-clang, r-devel-linux-x86_64-fedora-gcc
Version: 1.3.1
Check: installed package size
Result: NOTE
installed size is 8.3Mb
sub-directories of 1Mb or more:
doc 3.0Mb
fonts 1.5Mb
Flavors: r-devel-linux-x86_64-fedora-clang, r-devel-windows-x86_64, r-release-macos-arm64, r-release-macos-x86_64, r-release-windows-x86_64, r-oldrel-macos-arm64, r-oldrel-macos-x86_64, r-oldrel-windows-x86_64
Version: 1.3.1
Check: for detritus in the temp directory
Result: NOTE
Found the following files/directories:
‘Crashpad’
Flavors: r-devel-linux-x86_64-fedora-clang, r-devel-linux-x86_64-fedora-gcc
Version: 1.3.1
Check: compiled code
Result: NOTE
File 'rgl/libs/x64/rgl.dll':
Found non-API call to R: 'Rf_psmatch'
Compiled code should not call non-API entry points in R.
See 'Writing portable packages' in the 'Writing R Extensions' manual.
Flavor: r-devel-windows-x86_64