Last updated on 2024-05-04 09:49:47 CEST.
Flavor | Version | Tinstall | Tcheck | Ttotal | Status | Flags |
---|---|---|---|---|---|---|
r-devel-linux-x86_64-debian-clang | 1.1.1 | 8.73 | 27.14 | 35.87 | NOTE | |
r-devel-linux-x86_64-debian-gcc | 1.1.1 | 8.26 | 21.65 | 29.91 | NOTE | |
r-devel-linux-x86_64-fedora-clang | 1.1.1 | 46.92 | NOTE | |||
r-devel-linux-x86_64-fedora-gcc | 1.1.1 | 45.42 | NOTE | |||
r-devel-windows-x86_64 | 1.1.1 | 10.00 | 42.00 | 52.00 | NOTE | |
r-patched-linux-x86_64 | 1.1.1 | 10.40 | 26.01 | 36.41 | NOTE | |
r-release-linux-x86_64 | 1.1.1 | 9.45 | 26.58 | 36.03 | NOTE | |
r-release-macos-arm64 | 1.1.1 | 21.00 | NOTE | |||
r-release-windows-x86_64 | 1.1.1 | 10.00 | 41.00 | 51.00 | NOTE | |
r-oldrel-macos-arm64 | 1.1.1 | 24.00 | NOTE | |||
r-oldrel-macos-x86_64 | 1.1.1 | 30.00 | NOTE | |||
r-oldrel-windows-x86_64 | 1.1.1 | 12.00 | 41.00 | 53.00 | NOTE |
Version: 1.1.1
Check: LazyData
Result: NOTE
'LazyData' is specified without a 'data' directory
Flavors: r-devel-linux-x86_64-debian-clang, r-devel-linux-x86_64-debian-gcc, r-devel-linux-x86_64-fedora-clang, r-devel-linux-x86_64-fedora-gcc, r-devel-windows-x86_64, r-patched-linux-x86_64, r-release-linux-x86_64, r-release-macos-arm64, r-release-windows-x86_64, r-oldrel-macos-arm64, r-oldrel-macos-x86_64, r-oldrel-windows-x86_64