Last updated on 2024-05-04 09:49:47 CEST.
Flavor | Version | Tinstall | Tcheck | Ttotal | Status | Flags |
---|---|---|---|---|---|---|
r-devel-linux-x86_64-debian-clang | 0.1.16 | 1559.08 | 250.85 | 1809.93 | NOTE | |
r-devel-linux-x86_64-debian-gcc | 0.1.16 | 1489.35 | 281.16 | 1770.51 | NOTE | |
r-devel-linux-x86_64-fedora-clang | 0.1.16 | 2178.48 | NOTE | |||
r-devel-linux-x86_64-fedora-gcc | 0.1.16 | 3090.02 | NOTE | |||
r-devel-windows-x86_64 | 0.1.16 | 1193.00 | 307.00 | 1500.00 | NOTE | |
r-patched-linux-x86_64 | 0.1.16 | 1248.92 | 366.63 | 1615.55 | NOTE | |
r-release-linux-x86_64 | 0.1.16 | 0.01 | 2.36 | 2.37 | ERROR | |
r-release-macos-arm64 | 0.1.16 | 525.00 | NOTE | |||
r-release-macos-x86_64 | 0.1.16 | 505.00 | NOTE | |||
r-release-windows-x86_64 | 0.1.16 | 1173.00 | 294.00 | 1467.00 | NOTE | |
r-oldrel-macos-arm64 | 0.1.16 | 500.00 | NOTE | |||
r-oldrel-macos-x86_64 | 0.1.16 | 496.00 | NOTE | |||
r-oldrel-windows-x86_64 | 0.1.16 | 1488.00 | 370.00 | 1858.00 | NOTE |
Version: 0.1.16
Check: for GNU extensions in Makefiles
Result: NOTE
GNU make is a SystemRequirements.
Flavors: r-devel-linux-x86_64-debian-clang, r-devel-linux-x86_64-debian-gcc, r-devel-linux-x86_64-fedora-clang, r-devel-linux-x86_64-fedora-gcc, r-devel-windows-x86_64, r-patched-linux-x86_64, r-release-macos-arm64, r-release-macos-x86_64, r-release-windows-x86_64, r-oldrel-macos-arm64, r-oldrel-macos-x86_64, r-oldrel-windows-x86_64
Version: 0.1.16
Check: installed package size
Result: NOTE
installed size is 12.0Mb
sub-directories of 1Mb or more:
libs 11.6Mb
Flavors: r-devel-linux-x86_64-fedora-clang, r-devel-windows-x86_64, r-release-macos-arm64, r-release-macos-x86_64, r-release-windows-x86_64, r-oldrel-macos-arm64, r-oldrel-macos-x86_64, r-oldrel-windows-x86_64
Version: 0.1.16
Check: whether package can be installed
Result: ERROR
Installation failed.
Flavor: r-release-linux-x86_64