Last updated on 2024-05-04 13:49:18 CEST.
Flavor | Version | Tinstall | Tcheck | Ttotal | Status | Flags |
---|---|---|---|---|---|---|
r-devel-linux-x86_64-debian-clang | 1.1-0 | 487.62 | 230.16 | 717.78 | NOTE | |
r-devel-linux-x86_64-debian-gcc | 1.1-0 | 477.89 | 200.25 | 678.14 | NOTE | |
r-devel-linux-x86_64-fedora-clang | 1.1-0 | 890.78 | NOTE | |||
r-devel-linux-x86_64-fedora-gcc | 1.1-0 | 1114.14 | NOTE | |||
r-devel-windows-x86_64 | 1.1-0 | 370.00 | 214.00 | 584.00 | NOTE | |
r-patched-linux-x86_64 | 1.1-0 | 393.18 | 259.79 | 652.97 | NOTE | |
r-release-linux-x86_64 | 1.1-0 | 441.91 | 259.70 | 701.61 | NOTE | |
r-release-macos-arm64 | 1.1-0 | 216.00 | NOTE | |||
r-release-macos-x86_64 | 1.1-0 | 377.00 | NOTE | |||
r-release-windows-x86_64 | 1.1-0 | 376.00 | 213.00 | 589.00 | NOTE | |
r-oldrel-macos-arm64 | 1.1-0 | 230.00 | NOTE | |||
r-oldrel-macos-x86_64 | 1.1-0 | 362.00 | NOTE | |||
r-oldrel-windows-x86_64 | 1.1-0 | 497.00 | 272.00 | 769.00 | NOTE |
Version: 1.1-0
Check: package dependencies
Result: NOTE
Package suggested but not available for checking: ‘cmdstanr’
Flavors: r-devel-linux-x86_64-debian-clang, r-devel-linux-x86_64-debian-gcc, r-devel-linux-x86_64-fedora-clang, r-devel-linux-x86_64-fedora-gcc, r-devel-windows-x86_64, r-patched-linux-x86_64, r-release-linux-x86_64, r-release-macos-arm64, r-release-macos-x86_64, r-release-windows-x86_64, r-oldrel-macos-arm64, r-oldrel-macos-x86_64, r-oldrel-windows-x86_64
Version: 1.1-0
Check: Rd cross-references
Result: NOTE
Package unavailable to check Rd xrefs: ‘cmdstanr’
Flavors: r-devel-linux-x86_64-debian-clang, r-devel-linux-x86_64-debian-gcc, r-devel-linux-x86_64-fedora-gcc, r-devel-windows-x86_64, r-patched-linux-x86_64, r-release-linux-x86_64, r-release-macos-arm64, r-release-macos-x86_64, r-release-windows-x86_64, r-oldrel-macos-arm64, r-oldrel-macos-x86_64, r-oldrel-windows-x86_64
Version: 1.1-0
Check: for GNU extensions in Makefiles
Result: NOTE
GNU make is a SystemRequirements.
Flavors: r-devel-linux-x86_64-debian-clang, r-devel-linux-x86_64-debian-gcc, r-devel-linux-x86_64-fedora-clang, r-devel-linux-x86_64-fedora-gcc, r-devel-windows-x86_64, r-patched-linux-x86_64, r-release-linux-x86_64, r-release-macos-arm64, r-release-macos-x86_64, r-release-windows-x86_64, r-oldrel-macos-arm64, r-oldrel-macos-x86_64, r-oldrel-windows-x86_64
Version: 1.1-0
Check: Rd cross-references
Result: NOTE
Undeclared package ‘coda’ in Rd xrefs
Package unavailable to check Rd xrefs: ‘cmdstanr’
Flavor: r-devel-linux-x86_64-fedora-clang
Version: 1.1-0
Check: installed package size
Result: NOTE
installed size is 84.3Mb
sub-directories of 1Mb or more:
libs 83.7Mb
Flavors: r-release-macos-arm64, r-release-macos-x86_64, r-oldrel-macos-arm64, r-oldrel-macos-x86_64