Last updated on 2024-05-04 09:49:47 CEST.
Flavor | Version | Tinstall | Tcheck | Ttotal | Status | Flags |
---|---|---|---|---|---|---|
r-devel-linux-x86_64-debian-clang | 2.4.0 | 8.32 | 66.98 | 75.30 | NOTE | |
r-devel-linux-x86_64-debian-gcc | 2.4.0 | 6.21 | 48.84 | 55.05 | NOTE | |
r-devel-linux-x86_64-fedora-clang | 2.4.0 | 92.92 | NOTE | |||
r-devel-linux-x86_64-fedora-gcc | 2.4.0 | 99.13 | NOTE | |||
r-devel-windows-x86_64 | 2.4.0 | 9.00 | 69.00 | 78.00 | NOTE | |
r-patched-linux-x86_64 | 2.4.0 | 8.80 | 62.56 | 71.36 | NOTE | |
r-release-linux-x86_64 | 2.4.0 | 4.62 | 61.85 | 66.47 | NOTE | |
r-release-macos-arm64 | 2.4.0 | 37.00 | NOTE | |||
r-release-windows-x86_64 | 2.4.0 | 8.00 | 68.00 | 76.00 | NOTE | |
r-oldrel-macos-arm64 | 2.4.0 | 39.00 | OK | |||
r-oldrel-macos-x86_64 | 2.4.0 | 48.00 | OK | |||
r-oldrel-windows-x86_64 | 2.4.0 | 9.00 | 76.00 | 85.00 | OK |
Version: 2.4.0
Check: Rd files
Result: NOTE
checkRd: (-1) myTarGetClientList.Rd:33: Lost braces
33 | {MyTarget API Documenation}{https://target.my.com/doc/api/detailed/#resource_agency_clients}
| ^
Flavors: r-devel-linux-x86_64-debian-clang, r-devel-linux-x86_64-debian-gcc, r-devel-linux-x86_64-fedora-clang, r-devel-linux-x86_64-fedora-gcc, r-devel-windows-x86_64, r-patched-linux-x86_64, r-release-linux-x86_64, r-release-macos-arm64, r-release-windows-x86_64