Last updated on 2024-05-04 13:49:18 CEST.
Flavor | Version | Tinstall | Tcheck | Ttotal | Status | Flags |
---|---|---|---|---|---|---|
r-devel-linux-x86_64-debian-clang | 1.1.1 | 33.36 | 434.08 | 467.44 | NOTE | |
r-devel-linux-x86_64-debian-gcc | 1.1.1 | 23.89 | 323.86 | 347.75 | NOTE | |
r-devel-linux-x86_64-fedora-clang | 1.1.1 | 592.49 | NOTE | |||
r-devel-linux-x86_64-fedora-gcc | 1.1.1 | 571.58 | NOTE | |||
r-devel-windows-x86_64 | 1.1.1 | 24.00 | 269.00 | 293.00 | NOTE | |
r-patched-linux-x86_64 | 1.1.1 | 26.64 | 422.69 | 449.33 | NOTE | |
r-release-linux-x86_64 | 1.1.1 | 21.64 | 427.15 | 448.79 | NOTE | |
r-release-macos-arm64 | 1.1.1 | 128.00 | NOTE | |||
r-release-windows-x86_64 | 1.1.1 | 24.00 | 262.00 | 286.00 | NOTE | |
r-oldrel-macos-arm64 | 1.1.1 | 118.00 | OK | |||
r-oldrel-macos-x86_64 | 1.1.1 | 339.00 | OK | |||
r-oldrel-windows-x86_64 | 1.1.1 | 33.00 | 366.00 | 399.00 | OK |
Version: 1.1.1
Check: Rd files
Result: NOTE
checkRd: (-1) projectRoads.Rd:116-117: Lost braces in \itemize; meant \describe ?
checkRd: (-1) projectRoads.Rd:118-120: Lost braces in \itemize; meant \describe ?
checkRd: (-1) projectRoads.Rd:121-125: Lost braces in \itemize; meant \describe ?
checkRd: (-1) projectRoads.Rd:126-128: Lost braces in \itemize; meant \describe ?
checkRd: (-1) projectRoads.Rd:98: Lost braces in \itemize; \value handles \item{}{} directly
checkRd: (-1) projectRoads.Rd:99-100: Lost braces in \itemize; \value handles \item{}{} directly
checkRd: (-1) projectRoads.Rd:101: Lost braces in \itemize; \value handles \item{}{} directly
checkRd: (-1) projectRoads.Rd:102: Lost braces in \itemize; \value handles \item{}{} directly
checkRd: (-1) projectRoads.Rd:103-106: Lost braces in \itemize; \value handles \item{}{} directly
Flavors: r-devel-linux-x86_64-debian-clang, r-devel-linux-x86_64-debian-gcc, r-devel-linux-x86_64-fedora-clang, r-devel-linux-x86_64-fedora-gcc, r-devel-windows-x86_64, r-patched-linux-x86_64, r-release-linux-x86_64, r-release-macos-arm64, r-release-windows-x86_64