Last updated on 2024-05-04 09:49:47 CEST.
Flavor | Version | Tinstall | Tcheck | Ttotal | Status | Flags |
---|---|---|---|---|---|---|
r-devel-linux-x86_64-debian-clang | 2.11.3 | 10.84 | 95.89 | 106.73 | OK | |
r-devel-linux-x86_64-debian-gcc | 2.11.3 | 6.47 | 72.90 | 79.37 | OK | |
r-devel-linux-x86_64-fedora-clang | 2.11.3 | 132.56 | NOTE | |||
r-devel-linux-x86_64-fedora-gcc | 2.11.3 | 135.55 | NOTE | |||
r-devel-windows-x86_64 | 2.11.3 | 11.00 | 95.00 | 106.00 | OK | |
r-patched-linux-x86_64 | 2.11.3 | 10.46 | 89.09 | 99.55 | OK | |
r-release-linux-x86_64 | 2.11.3 | 6.44 | 90.96 | 97.40 | OK | |
r-release-macos-arm64 | 2.11.3 | 62.00 | OK | |||
r-release-windows-x86_64 | 2.11.3 | 10.00 | 92.00 | 102.00 | OK | |
r-oldrel-macos-arm64 | 2.11.3 | 59.00 | OK | |||
r-oldrel-macos-x86_64 | 2.11.3 | 81.00 | OK | |||
r-oldrel-windows-x86_64 | 2.11.3 | 12.00 | 113.00 | 125.00 | OK |
Version: 2.11.3
Check: dependencies in R code
Result: NOTE
Namespace in Imports field not imported from: ‘memoise’
All declared Imports should be used.
Flavors: r-devel-linux-x86_64-fedora-clang, r-devel-linux-x86_64-fedora-gcc