Last updated on 2024-05-04 09:49:47 CEST.
Flavor | Version | Tinstall | Tcheck | Ttotal | Status | Flags |
---|---|---|---|---|---|---|
r-devel-linux-x86_64-debian-clang | 1.2-3 | 30.87 | 113.67 | 144.54 | OK | |
r-devel-linux-x86_64-debian-gcc | 1.2-3 | 27.00 | 84.26 | 111.26 | OK | |
r-devel-linux-x86_64-fedora-clang | 1.2-3 | 190.79 | OK | |||
r-devel-linux-x86_64-fedora-gcc | 1.2-3 | 195.47 | OK | |||
r-devel-windows-x86_64 | 1.2-3 | 29.00 | 112.00 | 141.00 | OK | |
r-patched-linux-x86_64 | 1.2-3 | 25.37 | 107.98 | 133.35 | OK | |
r-release-linux-x86_64 | 1.2-3 | 32.84 | 109.59 | 142.43 | OK | |
r-release-macos-arm64 | 1.2-3 | 56.00 | OK | |||
r-release-windows-x86_64 | 1.2-3 | 27.00 | 114.00 | 141.00 | OK | |
r-oldrel-macos-arm64 | 1.2-3 | 55.00 | OK | |||
r-oldrel-macos-x86_64 | 1.2-3 | 91.00 | NOTE | |||
r-oldrel-windows-x86_64 | 1.2-3 | 35.00 | 142.00 | 177.00 | OK |
Version: 1.2-3
Check: package dependencies
Result: NOTE
Package suggested but not available for checking: ‘robustbase’
Flavor: r-oldrel-macos-x86_64