Last updated on 2024-05-04 13:49:18 CEST.
Flavor | Version | Tinstall | Tcheck | Ttotal | Status | Flags |
---|---|---|---|---|---|---|
r-devel-linux-x86_64-debian-clang | 1.1 | 53.35 | 40.44 | 93.79 | OK | |
r-devel-linux-x86_64-debian-gcc | 1.1 | 39.11 | 31.70 | 70.81 | OK | |
r-devel-linux-x86_64-fedora-clang | 1.1 | 122.07 | OK | |||
r-devel-linux-x86_64-fedora-gcc | 1.1 | 126.85 | OK | |||
r-devel-windows-x86_64 | 1.1 | 39.00 | 74.00 | 113.00 | NOTE | |
r-patched-linux-x86_64 | 1.1 | 51.41 | 40.83 | 92.24 | OK | |
r-release-linux-x86_64 | 1.1 | 44.17 | 39.74 | 83.91 | OK | |
r-release-macos-arm64 | 1.1 | 33.00 | OK | |||
r-release-windows-x86_64 | 1.1 | 37.00 | 79.00 | 116.00 | NOTE | |
r-oldrel-macos-arm64 | 1.1 | 38.00 | NOTE | |||
r-oldrel-macos-x86_64 | 1.1 | 54.00 | OK | |||
r-oldrel-windows-x86_64 | 1.1 | 46.00 | 86.00 | 132.00 | NOTE |
Version: 1.1
Check: C++ specification
Result: NOTE
Specified C++11: please drop specification unless essential
Flavors: r-devel-windows-x86_64, r-release-windows-x86_64, r-oldrel-windows-x86_64
Version: 1.1
Check: installed package size
Result: NOTE
installed size is 5.1Mb
sub-directories of 1Mb or more:
libs 4.7Mb
Flavor: r-oldrel-macos-arm64