Last updated on 2024-05-04 13:49:18 CEST.
Flavor | Version | Tinstall | Tcheck | Ttotal | Status | Flags |
---|---|---|---|---|---|---|
r-devel-linux-x86_64-debian-clang | 0.2.2 | 7.52 | 202.60 | 210.12 | OK | |
r-devel-linux-x86_64-debian-gcc | 0.2.2 | 5.83 | 146.60 | 152.43 | OK | |
r-devel-linux-x86_64-fedora-clang | 0.2.2 | 254.76 | OK | |||
r-devel-linux-x86_64-fedora-gcc | 0.2.2 | 203.23 | OK | |||
r-devel-windows-x86_64 | 0.2.2 | 9.00 | 175.00 | 184.00 | OK | |
r-patched-linux-x86_64 | 0.2.2 | 15.41 | 194.92 | 210.33 | OK | |
r-release-linux-x86_64 | 0.2.2 | 5.37 | 196.61 | 201.98 | OK | |
r-release-macos-arm64 | 0.2.2 | 79.00 | OK | |||
r-release-windows-x86_64 | 0.2.2 | 9.00 | 180.00 | 189.00 | OK | |
r-oldrel-macos-arm64 | 0.2.2 | 84.00 | OK | |||
r-oldrel-macos-x86_64 | 0.2.2 | 126.00 | NOTE | |||
r-oldrel-windows-x86_64 | 0.2.2 | 11.00 | 227.00 | 238.00 | OK |
Version: 0.2.2
Check: package dependencies
Result: NOTE
Package suggested but not available for checking: ‘ivgets’
Flavor: r-oldrel-macos-x86_64
Version: 0.2.2
Check: Rd cross-references
Result: NOTE
Package unavailable to check Rd xrefs: ‘ivgets’
Flavor: r-oldrel-macos-x86_64